Last updated on 2024-05-09 10:49:57 CEST.
Flavor | Version | Tinstall | Tcheck | Ttotal | Status | Flags |
---|---|---|---|---|---|---|
r-devel-linux-x86_64-debian-clang | 2.16.11 | 10.77 | 52.49 | 63.26 | NOTE | |
r-devel-linux-x86_64-debian-gcc | 2.16.11 | 5.66 | 39.75 | 45.41 | NOTE | |
r-devel-linux-x86_64-fedora-clang | 2.16.11 | 80.43 | NOTE | |||
r-devel-linux-x86_64-fedora-gcc | 2.16.11 | 101.90 | NOTE | |||
r-devel-windows-x86_64 | 2.16.11 | 10.00 | 75.00 | 85.00 | NOTE | |
r-patched-linux-x86_64 | 2.16.11 | 8.61 | 49.90 | 58.51 | NOTE | |
r-release-linux-x86_64 | 2.16.11 | 7.27 | 51.25 | 58.52 | NOTE | |
r-release-macos-arm64 | 2.16.11 | 35.00 | NOTE | |||
r-release-windows-x86_64 | 2.16.11 | 10.00 | 73.00 | 83.00 | NOTE | |
r-oldrel-macos-arm64 | 2.16.11 | 36.00 | NOTE | |||
r-oldrel-macos-x86_64 | 2.16.11 | 47.00 | NOTE | |||
r-oldrel-windows-x86_64 | 2.16.11 | 9.00 | 79.00 | 88.00 | NOTE |
Version: 2.16.11
Check: Rd files
Result: NOTE
checkRd: (-1) F.huggins.estim.Rd:199: Escaped LaTeX specials: \$ \$
checkRd: (-1) F.huggins.estim.Rd:205: Escaped LaTeX specials: \$
checkRd: (-1) F.huggins.estim.Rd:206: Escaped LaTeX specials: \$
checkRd: (-1) F.huggins.estim.Rd:207: Escaped LaTeX specials: \$
checkRd: (-1) F.huggins.estim.Rd:208: Escaped LaTeX specials: \$
checkRd: (-1) F.huggins.estim.Rd:209: Escaped LaTeX specials: \$
checkRd: (-1) F.huggins.estim.Rd:210: Escaped LaTeX specials: \$
checkRd: (-1) F.huggins.estim.Rd:212: Escaped LaTeX specials: \$
checkRd: (-1) F.huggins.estim.Rd:213: Escaped LaTeX specials: \$
checkRd: (-1) F.huggins.estim.Rd:214: Escaped LaTeX specials: \$
checkRd: (-1) F.huggins.estim.Rd:215: Escaped LaTeX specials: \$
checkRd: (-1) lines.cjs.Rd:15: Escaped LaTeX specials: \$
Flavors: r-devel-linux-x86_64-debian-clang, r-devel-linux-x86_64-debian-gcc, r-devel-linux-x86_64-fedora-clang, r-devel-linux-x86_64-fedora-gcc, r-devel-windows-x86_64, r-patched-linux-x86_64, r-release-linux-x86_64, r-release-macos-arm64, r-release-windows-x86_64, r-oldrel-macos-arm64, r-oldrel-macos-x86_64, r-oldrel-windows-x86_64
Version: 2.16.11
Check: installed package size
Result: NOTE
installed size is 5.7Mb
sub-directories of 1Mb or more:
libs 4.9Mb
Flavor: r-devel-linux-x86_64-fedora-clang