Last updated on 2025-10-31 09:50:22 CET.
| Flavor | Version | Tinstall | Tcheck | Ttotal | Status | Flags | 
|---|---|---|---|---|---|---|
| r-devel-linux-x86_64-debian-clang | 1.2-4 | 7.73 | 22.83 | 30.56 | NOTE | |
| r-devel-linux-x86_64-debian-gcc | 1.2-4 | 5.40 | 19.01 | 24.41 | NOTE | |
| r-devel-linux-x86_64-fedora-clang | 1.2-4 | 18.00 | 26.72 | 44.72 | OK | |
| r-devel-linux-x86_64-fedora-gcc | 1.2-4 | 16.00 | 26.23 | 42.23 | OK | |
| r-devel-windows-x86_64 | 1.2-4 | 17.00 | 45.00 | 62.00 | OK | |
| r-patched-linux-x86_64 | 1.2-4 | 5.44 | 21.47 | 26.91 | OK | |
| r-release-linux-x86_64 | 1.2-4 | 5.38 | 21.62 | 27.00 | OK | |
| r-release-macos-arm64 | 1.2-4 | 6.00 | 17.00 | 23.00 | OK | |
| r-release-macos-x86_64 | 1.2-4 | 9.00 | 33.00 | 42.00 | OK | |
| r-release-windows-x86_64 | 1.2-4 | 18.00 | 46.00 | 64.00 | OK | |
| r-oldrel-macos-arm64 | 1.2-4 | 6.00 | 20.00 | 26.00 | OK | |
| r-oldrel-macos-x86_64 | 1.2-4 | 5.00 | 24.00 | 29.00 | OK | |
| r-oldrel-windows-x86_64 | 1.2-4 | 19.00 | 53.00 | 72.00 | OK | 
Version: 1.2-4
Check: CRAN incoming feasibility
Result: NOTE
  Maintainer: ‘Katharine M. Mullen <mullenkate@gmail.com>’
  
  No Authors@R field in DESCRIPTION.
  Please add one, modifying
    Authors@R: c(person(given = c("Timur", "V."),
                        family = "Elzhov",
                        role = "aut"),
                 person(given = c("Katharine", "M."),
                        family = "Mullen",
                        role = c("aut", "cre"),
                        email = "mullenkate@gmail.com"),
                 person(given = "Andrej-Nikolai",
                        family = "Spiess",
                        role = "aut"),
                 person(given = "Ben",
                        family = "Bolker",
                        role = "aut"))
  as necessary.
Flavors: r-devel-linux-x86_64-debian-clang, r-devel-linux-x86_64-debian-gcc