CRAN Package Check Results for Package mblm

Last updated on 2025-11-20 11:51:16 CET.

Flavor Version Tinstall Tcheck Ttotal Status Flags
r-devel-linux-x86_64-debian-clang 0.12.1 1.73 19.76 21.49 NOTE
r-devel-linux-x86_64-debian-gcc 0.12.1 1.41 16.06 17.47 NOTE
r-devel-linux-x86_64-fedora-clang 0.12.1 30.92 OK
r-devel-linux-x86_64-fedora-gcc 0.12.1 28.80 OK
r-devel-windows-x86_64 0.12.1 2.00 34.00 36.00 OK
r-patched-linux-x86_64 0.12.1 1.80 17.93 19.73 OK
r-release-linux-x86_64 0.12.1 1.51 17.83 19.34 OK
r-release-macos-arm64 0.12.1 OK
r-release-macos-x86_64 0.12.1 2.00 19.00 21.00 OK
r-release-windows-x86_64 0.12.1 3.00 34.00 37.00 OK
r-oldrel-macos-arm64 0.12.1 OK
r-oldrel-macos-x86_64 0.12.1 1.00 18.00 19.00 OK
r-oldrel-windows-x86_64 0.12.1 2.00 35.00 37.00 OK

Check Details

Version: 0.12.1
Check: CRAN incoming feasibility
Result: NOTE Maintainer: ‘Lukasz Komsta <lukasz.komsta@umlub.pl>’ No Authors@R field in DESCRIPTION. Please add one, modifying Authors@R: person(given = "Lukasz", family = "Komsta", role = c("aut", "cre"), email = "lukasz.komsta@umlub.pl") as necessary. Flavors: r-devel-linux-x86_64-debian-clang, r-devel-linux-x86_64-debian-gcc