Last updated on 2024-05-09 10:49:57 CEST.
Flavor | Version | Tinstall | Tcheck | Ttotal | Status | Flags |
---|---|---|---|---|---|---|
r-devel-linux-x86_64-debian-clang | 3.4.0 | 6.12 | 39.11 | 45.23 | NOTE | |
r-devel-linux-x86_64-debian-gcc | 3.4.0 | 3.75 | 28.82 | 32.57 | NOTE | |
r-devel-linux-x86_64-fedora-clang | 3.4.0 | 55.61 | NOTE | |||
r-devel-linux-x86_64-fedora-gcc | 3.4.0 | 57.84 | NOTE | |||
r-devel-windows-x86_64 | 3.4.0 | 6.00 | 60.00 | 66.00 | NOTE | |
r-patched-linux-x86_64 | 3.4.0 | 5.25 | 36.21 | 41.46 | NOTE | |
r-release-linux-x86_64 | 3.4.0 | 4.24 | 36.66 | 40.90 | NOTE | |
r-release-macos-arm64 | 3.4.0 | 18.00 | NOTE | |||
r-release-windows-x86_64 | 3.4.0 | 6.00 | 53.00 | 59.00 | NOTE | |
r-oldrel-macos-arm64 | 3.4.0 | 19.00 | NOTE | |||
r-oldrel-macos-x86_64 | 3.4.0 | 28.00 | NOTE | |||
r-oldrel-windows-x86_64 | 3.4.0 | 6.00 | 57.00 | 63.00 | NOTE |
Version: 3.4.0
Check: LazyData
Result: NOTE
'LazyData' is specified without a 'data' directory
Flavors: r-devel-linux-x86_64-debian-clang, r-devel-linux-x86_64-debian-gcc, r-devel-linux-x86_64-fedora-clang, r-devel-linux-x86_64-fedora-gcc, r-devel-windows-x86_64, r-patched-linux-x86_64, r-release-linux-x86_64, r-release-macos-arm64, r-release-windows-x86_64, r-oldrel-macos-arm64, r-oldrel-macos-x86_64, r-oldrel-windows-x86_64
Version: 3.4.0
Check: dependencies in R code
Result: NOTE
Namespace in Imports field not imported from: ‘utils’
All declared Imports should be used.
Flavors: r-devel-linux-x86_64-fedora-clang, r-devel-linux-x86_64-fedora-gcc