Last updated on 2024-05-09 10:49:55 CEST.
Flavor | Version | Tinstall | Tcheck | Ttotal | Status | Flags |
---|---|---|---|---|---|---|
r-devel-linux-x86_64-debian-clang | 0.2 | 3.74 | 65.56 | 69.30 | OK | |
r-devel-linux-x86_64-debian-gcc | 0.2 | 3.38 | 48.40 | 51.78 | OK | |
r-devel-linux-x86_64-fedora-clang | 0.2 | 86.70 | NOTE | |||
r-devel-linux-x86_64-fedora-gcc | 0.2 | 105.67 | NOTE | |||
r-devel-windows-x86_64 | 0.2 | 7.00 | 82.00 | 89.00 | OK | |
r-patched-linux-x86_64 | 0.2 | 3.53 | 62.03 | 65.56 | OK | |
r-release-linux-x86_64 | 0.2 | 4.37 | 63.46 | 67.83 | OK | |
r-release-macos-arm64 | 0.2 | 38.00 | OK | |||
r-release-windows-x86_64 | 0.2 | 7.00 | 80.00 | 87.00 | OK | |
r-oldrel-macos-arm64 | 0.2 | 42.00 | OK | |||
r-oldrel-macos-x86_64 | 0.2 | 63.00 | OK | |||
r-oldrel-windows-x86_64 | 0.2 | 8.00 | 84.00 | 92.00 | OK |
Version: 0.2
Check: compiled code
Result: NOTE
File ‘logisticPCA/libs/logisticPCA.so’:
Found no calls to: ‘R_registerRoutines’, ‘R_useDynamicSymbols’
It is good practice to register native routines and to disable symbol
search.
See ‘Writing portable packages’ in the ‘Writing R Extensions’ manual.
Flavors: r-devel-linux-x86_64-fedora-clang, r-devel-linux-x86_64-fedora-gcc