Last updated on 2024-05-09 10:49:55 CEST.
Flavor | Version | Tinstall | Tcheck | Ttotal | Status | Flags |
---|---|---|---|---|---|---|
r-devel-linux-x86_64-debian-clang | 0.41 | 10.48 | 51.60 | 62.08 | OK | |
r-devel-linux-x86_64-debian-gcc | 0.41 | 6.93 | 40.12 | 47.05 | OK | |
r-devel-linux-x86_64-fedora-clang | 0.41 | 76.27 | NOTE | |||
r-devel-linux-x86_64-fedora-gcc | 0.41 | 104.06 | NOTE | |||
r-devel-windows-x86_64 | 0.41 | 13.00 | 68.00 | 81.00 | OK | |
r-patched-linux-x86_64 | 0.41 | 8.65 | 48.89 | 57.54 | OK | |
r-release-linux-x86_64 | 0.41 | 8.97 | 50.35 | 59.32 | OK | |
r-release-macos-arm64 | 0.41 | 30.00 | OK | |||
r-release-windows-x86_64 | 0.41 | 13.00 | 69.00 | 82.00 | OK | |
r-oldrel-macos-arm64 | 0.41 | 31.00 | OK | |||
r-oldrel-macos-x86_64 | 0.41 | 43.00 | OK | |||
r-oldrel-windows-x86_64 | 0.41 | 15.00 | 76.00 | 91.00 | OK |
Version: 0.41
Check: compiled code
Result: NOTE
File ‘localgauss/libs/localgauss.so’:
Found no calls to: ‘R_registerRoutines’, ‘R_useDynamicSymbols’
It is good practice to register native routines and to disable symbol
search.
See ‘Writing portable packages’ in the ‘Writing R Extensions’ manual.
Flavors: r-devel-linux-x86_64-fedora-clang, r-devel-linux-x86_64-fedora-gcc