CRAN Package Check Results for Package lobstr

Last updated on 2025-10-22 09:50:38 CEST.

Flavor Version Tinstall Tcheck Ttotal Status Flags
r-devel-linux-x86_64-debian-clang 1.1.2 9.04 33.47 42.51 NOTE
r-devel-linux-x86_64-debian-gcc 1.1.2 6.48 25.97 32.45 NOTE
r-devel-linux-x86_64-fedora-clang 1.1.2 34.00 37.05 71.05 NOTE
r-devel-linux-x86_64-fedora-gcc 1.1.2 18.00 44.92 62.92 NOTE
r-devel-windows-x86_64 1.1.2 15.00 64.00 79.00 NOTE
r-patched-linux-x86_64 1.1.2 7.91 30.87 38.78 NOTE
r-release-linux-x86_64 1.1.2 7.50 30.43 37.93 NOTE
r-release-macos-arm64 1.1.2 5.00 20.00 25.00 NOTE
r-release-macos-x86_64 1.1.2 9.00 29.00 38.00 NOTE
r-release-windows-x86_64 1.1.2 15.00 69.00 84.00 NOTE
r-oldrel-macos-arm64 1.1.2 5.00 22.00 27.00 NOTE
r-oldrel-macos-x86_64 1.1.2 6.00 28.00 34.00 NOTE
r-oldrel-windows-x86_64 1.1.2 19.00 79.00 98.00 NOTE

Check Details

Version: 1.1.2
Check: C++ specification
Result: NOTE Specified C++11: please drop specification unless essential Flavors: r-devel-linux-x86_64-debian-clang, r-devel-linux-x86_64-debian-gcc, r-devel-linux-x86_64-fedora-clang, r-devel-linux-x86_64-fedora-gcc, r-devel-windows-x86_64, r-patched-linux-x86_64, r-release-linux-x86_64, r-release-macos-arm64, r-release-macos-x86_64, r-release-windows-x86_64, r-oldrel-macos-arm64, r-oldrel-macos-x86_64, r-oldrel-windows-x86_64

Version: 1.1.2
Check: compiled code
Result: NOTE File ‘lobstr/libs/lobstr.so’: Found non-API calls to R: ‘BODY’, ‘CLOENV’, ‘ENCLOS’, ‘EXTPTR_PROT’, ‘EXTPTR_TAG’, ‘FORMALS’, ‘FRAME’, ‘HASHTAB’, ‘NAMED’, ‘OBJECT’, ‘PRCODE’, ‘PRENV’, ‘PRVALUE’, ‘R_lsInternal’, ‘Rf_findVarInFrame3’, ‘TRUELENGTH’ Compiled code should not call non-API entry points in R. See ‘Writing portable packages’ in the ‘Writing R Extensions’ manual, and section ‘Moving into C API compliance’ for issues with the use of non-API entry points. Flavors: r-devel-linux-x86_64-debian-clang, r-devel-linux-x86_64-debian-gcc, r-devel-linux-x86_64-fedora-clang, r-devel-linux-x86_64-fedora-gcc, r-patched-linux-x86_64, r-release-linux-x86_64, r-release-macos-arm64, r-release-macos-x86_64

Version: 1.1.2
Check: HTML version of manual
Result: NOTE Found the following HTML validation problems: tree_label.html:53:1 (tree_label.Rd:14): Warning: missing </ul> before </div> Flavors: r-devel-linux-x86_64-debian-clang, r-devel-linux-x86_64-debian-gcc

Version: 1.1.2
Check: compiled code
Result: NOTE File 'lobstr/libs/x64/lobstr.dll': Found non-API calls to R: 'BODY', 'CLOENV', 'ENCLOS', 'EXTPTR_PROT', 'EXTPTR_TAG', 'FORMALS', 'FRAME', 'HASHTAB', 'NAMED', 'OBJECT', 'PRCODE', 'PRENV', 'PRVALUE', 'R_lsInternal', 'Rf_findVarInFrame3', 'TRUELENGTH' Compiled code should not call non-API entry points in R. See 'Writing portable packages' in the 'Writing R Extensions' manual, and section 'Moving into C API compliance' for issues with the use of non-API entry points. Flavors: r-devel-windows-x86_64, r-release-windows-x86_64