Last updated on 2025-10-24 09:50:07 CEST.
| Flavor | Version | Tinstall | Tcheck | Ttotal | Status | Flags |
|---|---|---|---|---|---|---|
| r-devel-linux-x86_64-debian-clang | 1.2.0 | 4.41 | 71.08 | 75.49 | NOTE | |
| r-devel-linux-x86_64-debian-gcc | 1.2.0 | 3.55 | 52.54 | 56.09 | OK | |
| r-devel-linux-x86_64-fedora-clang | 1.2.0 | 13.00 | 105.84 | 118.84 | OK | |
| r-devel-linux-x86_64-fedora-gcc | 1.2.0 | 10.00 | 114.89 | 124.89 | OK | |
| r-devel-windows-x86_64 | 1.2.0 | 8.00 | 87.00 | 95.00 | OK | |
| r-patched-linux-x86_64 | 1.2.0 | 4.24 | 65.53 | 69.77 | OK | |
| r-release-linux-x86_64 | 1.2.0 | 4.43 | 66.25 | 70.68 | OK | |
| r-release-macos-arm64 | 1.2.0 | 3.00 | 62.00 | 65.00 | OK | |
| r-release-macos-x86_64 | 1.2.0 | 4.00 | 82.00 | 86.00 | OK | |
| r-release-windows-x86_64 | 1.2.0 | 10.00 | 86.00 | 96.00 | OK | |
| r-oldrel-macos-arm64 | 1.2.0 | 2.00 | 47.00 | 49.00 | OK | |
| r-oldrel-macos-x86_64 | 1.2.0 | 3.00 | 69.00 | 72.00 | OK | |
| r-oldrel-windows-x86_64 | 1.2.0 | 9.00 | 107.00 | 116.00 | OK |
Version: 1.2.0
Check: HTML version of manual
Result: NOTE
Found the following HTML validation problems:
Leafdown.html:134:1 (Leafdown.Rd:130): Warning: <h5> anchor "Usage" already defined
Leafdown.html:140:1 (Leafdown.Rd:134): Warning: <h5> anchor "Arguments" already defined
Leafdown.html:163:1 (Leafdown.Rd:147): Warning: <h5> anchor "Usage" already defined
Leafdown.html:169:1 (Leafdown.Rd:151): Warning: <h5> anchor "Arguments" already defined
Leafdown.html:195:1 (Leafdown.Rd:167): Warning: <h5> anchor "Usage" already defined
Leafdown.html:201:1 (Leafdown.Rd:171): Warning: <h5> anchor "Arguments" already defined
Leafdown.html:236:1 (Leafdown.Rd:190): Warning: <h5> anchor "Usage" already defined
Leafdown.html:261:1 (Leafdown.Rd:205): Warning: <h5> anchor "Usage" already defined
Leafdown.html:277:1 (Leafdown.Rd:215): Warning: <h5> anchor "Usage" already defined
Leafdown.html:283:1 (Leafdown.Rd:219): Warning: <h5> anchor "Arguments" already defined
Leafdown.html:306:1 (Leafdown.Rd:232): Warning: <h5> anchor "Usage" already defined
Leafdown.html:312:1 (Leafdown.Rd:236): Warning: <h5> anchor "Arguments" already defined
Flavor: r-devel-linux-x86_64-debian-clang