Last updated on 2025-10-24 09:50:07 CEST.
| Flavor | Version | Tinstall | Tcheck | Ttotal | Status | Flags |
|---|---|---|---|---|---|---|
| r-devel-linux-x86_64-debian-clang | 0.9.6 | 3.34 | 55.27 | 58.61 | NOTE | |
| r-devel-linux-x86_64-debian-gcc | 0.9.6 | 2.21 | 41.64 | 43.85 | OK | |
| r-devel-linux-x86_64-fedora-clang | 0.9.6 | 12.00 | 79.74 | 91.74 | OK | |
| r-devel-linux-x86_64-fedora-gcc | 0.9.6 | 97.55 | OK | |||
| r-devel-windows-x86_64 | 0.9.6 | 5.00 | 70.00 | 75.00 | OK | |
| r-patched-linux-x86_64 | 0.9.6 | 3.67 | 52.63 | 56.30 | OK | |
| r-release-linux-x86_64 | 0.9.6 | 3.04 | 52.79 | 55.83 | OK | |
| r-release-macos-arm64 | 0.9.6 | 2.00 | 47.00 | 49.00 | OK | |
| r-release-macos-x86_64 | 0.9.6 | 3.00 | 102.00 | 105.00 | OK | |
| r-release-windows-x86_64 | 0.9.6 | 5.00 | 70.00 | 75.00 | OK | |
| r-oldrel-macos-arm64 | 0.9.6 | 2.00 | 33.00 | 35.00 | OK | |
| r-oldrel-macos-x86_64 | 0.9.6 | 3.00 | 49.00 | 52.00 | OK | |
| r-oldrel-windows-x86_64 | 0.9.6 | 6.00 | 81.00 | 87.00 | OK |
Version: 0.9.6
Check: HTML version of manual
Result: NOTE
Found the following HTML validation problems:
latex2exp_examples.html:47:1 (latex2exp_examples.Rd:10): Warning: missing </ul> before </div>
print.latexexpression.html:52:1 (print.latexexpression.Rd:12): Warning: missing </ul> before </div>
print.latextoken2.html:57:1 (print.latextoken2.Rd:15): Warning: missing </ul> before </div>
Flavor: r-devel-linux-x86_64-debian-clang