CRAN Package Check Results for Package lablaster

Last updated on 2025-10-22 09:50:37 CEST.

Flavor Version Tinstall Tcheck Ttotal Status Flags
r-devel-linux-x86_64-debian-clang 1.0.1 2.31 36.93 39.24 NOTE
r-devel-linux-x86_64-debian-gcc 1.0.1 1.76 27.52 29.28 NOTE
r-devel-linux-x86_64-fedora-clang 1.0.1 60.19 OK
r-devel-linux-x86_64-fedora-gcc 1.0.1 53.92 OK
r-devel-windows-x86_64 1.0.1 5.00 53.00 58.00 OK
r-patched-linux-x86_64 1.0.1 2.32 33.57 35.89 OK
r-release-linux-x86_64 1.0.1 2.47 33.33 35.80 OK
r-release-macos-arm64 1.0.1 2.00 23.00 25.00 OK
r-release-macos-x86_64 1.0.1 3.00 42.00 45.00 OK
r-release-windows-x86_64 1.0.1 4.00 53.00 57.00 OK
r-oldrel-macos-arm64 1.0.1 1.00 20.00 21.00 OK
r-oldrel-macos-x86_64 1.0.1 2.00 27.00 29.00 OK
r-oldrel-windows-x86_64 1.0.1 5.00 60.00 65.00 OK

Check Details

Version: 1.0.1
Check: DESCRIPTION meta-information
Result: NOTE Author field differs from that derived from Authors@R Author: ‘Alex Searle-Barnes [aut, cre] (<https://orcid.org/0000-0003-0389-7717>, https://github.com/alexsb1)’ Authors@R: ‘Alex Searle-Barnes [aut, cre] (ORCID: <https://orcid.org/0000-0003-0389-7717>, URL: https://github.com/alexsb1)’ Flavors: r-devel-linux-x86_64-debian-clang, r-devel-linux-x86_64-debian-gcc