Last updated on 2024-05-09 10:49:54 CEST.
Flavor | Version | Tinstall | Tcheck | Ttotal | Status | Flags |
---|---|---|---|---|---|---|
r-devel-linux-x86_64-debian-clang | 0.1.6 | 42.96 | 32.27 | 75.23 | NOTE | |
r-devel-linux-x86_64-debian-gcc | 0.1.6 | 28.75 | 24.24 | 52.99 | NOTE | |
r-devel-linux-x86_64-fedora-clang | 0.1.6 | 98.59 | NOTE | |||
r-devel-linux-x86_64-fedora-gcc | 0.1.6 | 145.00 | NOTE | |||
r-devel-windows-x86_64 | 0.1.6 | 30.00 | 67.00 | 97.00 | NOTE | |
r-patched-linux-x86_64 | 0.1.6 | 38.82 | 30.51 | 69.33 | NOTE | |
r-release-linux-x86_64 | 0.1.6 | 42.90 | 29.93 | 72.83 | NOTE | |
r-release-macos-arm64 | 0.1.6 | 26.00 | NOTE | |||
r-release-windows-x86_64 | 0.1.6 | 30.00 | 65.00 | 95.00 | NOTE | |
r-oldrel-macos-arm64 | 0.1.6 | 30.00 | NOTE | |||
r-oldrel-macos-x86_64 | 0.1.6 | 44.00 | NOTE | |||
r-oldrel-windows-x86_64 | 0.1.6 | 38.00 | 70.00 | 108.00 | NOTE |
Version: 0.1.6
Check: LazyData
Result: NOTE
'LazyData' is specified without a 'data' directory
Flavors: r-devel-linux-x86_64-debian-clang, r-devel-linux-x86_64-debian-gcc, r-devel-linux-x86_64-fedora-clang, r-devel-linux-x86_64-fedora-gcc, r-devel-windows-x86_64, r-patched-linux-x86_64, r-release-linux-x86_64, r-release-macos-arm64, r-release-windows-x86_64, r-oldrel-macos-arm64, r-oldrel-macos-x86_64, r-oldrel-windows-x86_64