Last updated on 2025-10-31 09:50:20 CET.
| Flavor | Version | Tinstall | Tcheck | Ttotal | Status | Flags | 
|---|---|---|---|---|---|---|
| r-devel-linux-x86_64-debian-clang | 2.7-6 | 69.94 | 215.88 | 285.82 | NOTE | |
| r-devel-linux-x86_64-debian-gcc | 2.7-6 | 67.33 | 141.22 | 208.55 | NOTE | |
| r-devel-linux-x86_64-fedora-clang | 2.7-6 | 137.00 | 319.85 | 456.85 | OK | |
| r-devel-linux-x86_64-fedora-gcc | 2.7-6 | 161.00 | 288.79 | 449.79 | OK | |
| r-devel-windows-x86_64 | 2.7-6 | 84.00 | 200.00 | 284.00 | OK | |
| r-patched-linux-x86_64 | 2.7-6 | 86.74 | 203.07 | 289.81 | OK | |
| r-release-linux-x86_64 | 2.7-6 | 81.29 | 202.72 | 284.01 | OK | |
| r-release-macos-arm64 | 2.7-6 | 36.00 | 96.00 | 132.00 | OK | |
| r-release-macos-x86_64 | 2.7-6 | 57.00 | 166.00 | 223.00 | OK | |
| r-release-windows-x86_64 | 2.7-6 | 85.00 | 198.00 | 283.00 | OK | |
| r-oldrel-macos-arm64 | 2.7-6 | 30.00 | 76.00 | 106.00 | OK | |
| r-oldrel-macos-x86_64 | 2.7-6 | 40.00 | 119.00 | 159.00 | OK | |
| r-oldrel-windows-x86_64 | 2.7-6 | 111.00 | 260.00 | 371.00 | OK | 
Version: 2.7-6
Check: CRAN incoming feasibility
Result: NOTE
  Maintainer: ‘Matteo Quartagno <m.quartagno@ucl.ac.uk>’
  
  No Authors@R field in DESCRIPTION.
  Please add one, modifying
    Authors@R: c(person(given = "Matteo",
                        family = "Quartagno",
                        role = c("aut", "cre"),
                        email = "m.quartagno@ucl.ac.uk"),
                 person(given = "James",
                        family = "Carpenter",
                        role = "aut"))
  as necessary.
Flavors: r-devel-linux-x86_64-debian-clang, r-devel-linux-x86_64-debian-gcc