Last updated on 2025-10-30 09:49:53 CET.
| Flavor | Version | Tinstall | Tcheck | Ttotal | Status | Flags | 
|---|---|---|---|---|---|---|
| r-devel-linux-x86_64-debian-clang | 1.0 | 7.45 | 56.85 | 64.30 | NOTE | |
| r-devel-linux-x86_64-debian-gcc | 1.0 | 5.18 | 42.97 | 48.15 | NOTE | |
| r-devel-linux-x86_64-fedora-clang | 1.0 | 30.00 | 68.61 | 98.61 | OK | |
| r-devel-linux-x86_64-fedora-gcc | 1.0 | 15.00 | 70.80 | 85.80 | OK | |
| r-devel-windows-x86_64 | 1.0 | 8.00 | 64.00 | 72.00 | OK | |
| r-patched-linux-x86_64 | 1.0 | 6.71 | 54.11 | 60.82 | OK | |
| r-release-linux-x86_64 | 1.0 | 6.26 | 54.40 | 60.66 | OK | |
| r-release-macos-arm64 | 1.0 | 4.00 | 28.00 | 32.00 | OK | |
| r-release-macos-x86_64 | 1.0 | 6.00 | 48.00 | 54.00 | OK | |
| r-release-windows-x86_64 | 1.0 | 9.00 | 67.00 | 76.00 | OK | |
| r-oldrel-macos-arm64 | 1.0 | 3.00 | 29.00 | 32.00 | OK | |
| r-oldrel-macos-x86_64 | 1.0 | 5.00 | 39.00 | 44.00 | OK | |
| r-oldrel-windows-x86_64 | 1.0 | 10.00 | 80.00 | 90.00 | OK | 
Version: 1.0
Check: CRAN incoming feasibility
Result: NOTE
  Maintainer: ‘Mary Meyer <meyer@stat.colostate.edu>’
  
  No Authors@R field in DESCRIPTION.
  Please add one, modifying
    Authors@R: c(person(given = c("Mary", "C"),
                        family = "Meyer",
                        role = "aut"),
                 person(given = "Jiwen",
                        family = "Wu",
                        role = "aut"),
                 person(given = c("Jean", "D."),
                        family = "Opsomer",
                        role = "aut"),
                 person(given = "Mary",
                        family = "Meyer",
                        role = "cre",
                        email = "meyer@stat.colostate.edu"))
  as necessary.
Flavors: r-devel-linux-x86_64-debian-clang, r-devel-linux-x86_64-debian-gcc