CRAN Package Check Results for Package isni

Last updated on 2025-11-22 09:49:56 CET.

Flavor Version Tinstall Tcheck Ttotal Status Flags
r-devel-linux-x86_64-debian-clang 1.3 11.04 84.95 95.99 NOTE
r-devel-linux-x86_64-debian-gcc 1.3 7.24 62.14 69.38 NOTE
r-devel-linux-x86_64-fedora-clang 1.3 21.00 119.19 140.19 OK
r-devel-linux-x86_64-fedora-gcc 1.3 31.00 121.16 152.16 OK
r-devel-windows-x86_64 1.3 14.00 89.00 103.00 OK
r-patched-linux-x86_64 1.3 10.00 81.08 91.08 OK
r-release-linux-x86_64 1.3 10.80 81.18 91.98 OK
r-release-macos-arm64 1.3 OK
r-release-macos-x86_64 1.3 11.00 89.00 100.00 OK
r-release-windows-x86_64 1.3 12.00 89.00 101.00 OK
r-oldrel-macos-arm64 1.3 OK
r-oldrel-macos-x86_64 1.3 7.00 74.00 81.00 OK
r-oldrel-windows-x86_64 1.3 16.00 125.00 141.00 OK

Check Details

Version: 1.3
Check: CRAN incoming feasibility
Result: NOTE Maintainer: ‘Hui Xie <huixie@uic.edu>’ No Authors@R field in DESCRIPTION. Please add one, modifying Authors@R: c(person(given = "Hui", family = "Xie", role = c("aut", "cre"), email = "huixie@uic.edu"), person(given = "Weihua", family = "Gao", role = "aut"), person(given = "Baodong", family = "Xing", role = "aut"), person(given = "Daniel", family = "Heitjan", role = "aut"), person(given = "Donald", family = "Hedeker", role = "aut"), person(given = "Chengbo", family = "Yuan", role = "aut")) as necessary. Package CITATION file contains call(s) to old-style personList() or as.personList(). Please use c() on person objects instead. Package CITATION file contains call(s) to old-style citEntry(). Please use bibentry() instead. Flavors: r-devel-linux-x86_64-debian-clang, r-devel-linux-x86_64-debian-gcc