Last updated on 2025-10-31 09:50:20 CET.
| Flavor | Version | Tinstall | Tcheck | Ttotal | Status | Flags | 
|---|---|---|---|---|---|---|
| r-devel-linux-x86_64-debian-clang | 0.1.0 | 1.62 | 18.25 | 19.87 | NOTE | |
| r-devel-linux-x86_64-debian-gcc | 0.1.0 | 1.25 | 15.26 | 16.51 | NOTE | |
| r-devel-linux-x86_64-fedora-clang | 0.1.0 | 30.04 | OK | |||
| r-devel-linux-x86_64-fedora-gcc | 0.1.0 | 27.22 | OK | |||
| r-devel-windows-x86_64 | 0.1.0 | 2.00 | 33.00 | 35.00 | OK | |
| r-patched-linux-x86_64 | 0.1.0 | 1.75 | 17.53 | 19.28 | OK | |
| r-release-linux-x86_64 | 0.1.0 | 1.36 | 17.15 | 18.51 | OK | |
| r-release-macos-arm64 | 0.1.0 | 1.00 | 13.00 | 14.00 | OK | |
| r-release-macos-x86_64 | 0.1.0 | 2.00 | 19.00 | 21.00 | OK | |
| r-release-windows-x86_64 | 0.1.0 | 4.00 | 38.00 | 42.00 | OK | |
| r-oldrel-macos-arm64 | 0.1.0 | 1.00 | 12.00 | 13.00 | NOTE | |
| r-oldrel-macos-x86_64 | 0.1.0 | 1.00 | 17.00 | 18.00 | NOTE | |
| r-oldrel-windows-x86_64 | 0.1.0 | 3.00 | 34.00 | 37.00 | NOTE | 
Version: 0.1.0
Check: CRAN incoming feasibility
Result: NOTE
  Maintainer: ‘Jean-Benoit Rossel <jean-benoit.rossel@unisante.ch>’
  
  No Authors@R field in DESCRIPTION.
  Please add one, modifying
    Authors@R: c(person(given = c("Dr.", "Jean-Benoit"),
                        family = "Rossel",
                        role = "aut"),
                 person(given = c("Prof.", "Valentin"),
                        family = "Rousson",
                        role = "aut"),
                 person(given = c("Dr.", "Yves"),
                        family = "Eggli",
                        role = "aut"),
                 person(given = "Jean-Benoit",
                        family = "Rossel",
                        role = "cre",
                        email = "jean-benoit.rossel@unisante.ch"))
  as necessary.
Flavors: r-devel-linux-x86_64-debian-clang, r-devel-linux-x86_64-debian-gcc
Version: 0.1.0
Check: LazyData
Result: NOTE
    'LazyData' is specified without a 'data' directory
Flavors: r-oldrel-macos-arm64, r-oldrel-macos-x86_64, r-oldrel-windows-x86_64