Last updated on 2025-11-03 09:49:33 CET.
| Flavor | Version | Tinstall | Tcheck | Ttotal | Status | Flags | 
|---|---|---|---|---|---|---|
| r-devel-linux-x86_64-debian-clang | 0.4.1 | 20.44 | 28.72 | 49.16 | NOTE | |
| r-devel-linux-x86_64-debian-gcc | 0.4.1 | 11.58 | 22.68 | 34.26 | NOTE | |
| r-devel-linux-x86_64-fedora-clang | 0.4.1 | 91.00 | 0.51 | 91.51 | OK | |
| r-devel-linux-x86_64-fedora-gcc | 0.4.1 | 30.00 | 40.86 | 70.86 | OK | |
| r-devel-windows-x86_64 | 0.4.1 | 25.00 | 61.00 | 86.00 | OK | |
| r-patched-linux-x86_64 | 0.4.1 | 20.92 | 27.28 | 48.20 | OK | |
| r-release-linux-x86_64 | 0.4.1 | 19.72 | 27.17 | 46.89 | OK | |
| r-release-macos-arm64 | 0.4.1 | 9.00 | 18.00 | 27.00 | OK | |
| r-release-macos-x86_64 | 0.4.1 | 17.00 | 34.00 | 51.00 | OK | |
| r-release-windows-x86_64 | 0.4.1 | 23.00 | 62.00 | 85.00 | OK | |
| r-oldrel-macos-arm64 | 0.4.1 | 8.00 | 17.00 | 25.00 | OK | |
| r-oldrel-macos-x86_64 | 0.4.1 | 11.00 | 27.00 | 38.00 | OK | |
| r-oldrel-windows-x86_64 | 0.4.1 | 30.00 | 82.00 | 112.00 | OK | 
Version: 0.4.1
Check: CRAN incoming feasibility
Result: NOTE
  Maintainer: ‘Fei Zhou <fei.zhou@outlook.com>’
  
  No Authors@R field in DESCRIPTION.
  Please add one, modifying
    Authors@R: c(person(given = "Fei",
                        family = "Zhou",
                        role = c("aut", "cre"),
                        email = "fei.zhou@outlook.com"),
                 person(given = "Jie",
                        family = "Ren",
                        role = "aut"),
                 person(given = "Yuwen",
                        family = "Liu",
                        role = "aut"),
                 person(given = "Xiaoxi",
                        family = "Li",
                        role = "aut"),
                 person(given = "Cen",
                        family = "Wu",
                        role = "aut"),
                 person(given = "Yu",
                        family = "Jiang",
                        role = "aut"))
  as necessary.
Flavors: r-devel-linux-x86_64-debian-clang, r-devel-linux-x86_64-debian-gcc