Last updated on 2025-11-15 11:50:47 CET.
| Flavor | Version | Tinstall | Tcheck | Ttotal | Status | Flags |
|---|---|---|---|---|---|---|
| r-devel-linux-x86_64-debian-clang | 3.0.3 | 9.75 | 85.28 | 95.03 | OK | |
| r-devel-linux-x86_64-debian-gcc | 3.0.3 | 7.01 | 60.50 | 67.51 | OK | |
| r-devel-linux-x86_64-fedora-clang | 3.0.3 | 37.00 | 115.24 | 152.24 | OK | |
| r-devel-linux-x86_64-fedora-gcc | 3.0.3 | 19.00 | 113.86 | 132.86 | OK | |
| r-devel-windows-x86_64 | 3.0.3 | 14.00 | 88.00 | 102.00 | OK | |
| r-patched-linux-x86_64 | 3.0.3 | 9.09 | 80.80 | 89.89 | OK | |
| r-release-linux-x86_64 | 3.0.3 | 7.93 | 80.33 | 88.26 | OK | |
| r-release-macos-arm64 | 3.0.3 | 3.00 | 30.00 | 33.00 | OK | |
| r-release-macos-x86_64 | 3.0.3 | 7.00 | 65.00 | 72.00 | OK | |
| r-release-windows-x86_64 | 3.0.3 | 13.00 | 87.00 | 100.00 | OK | |
| r-oldrel-macos-arm64 | 3.0.3 | 3.00 | 30.00 | 33.00 | NOTE | |
| r-oldrel-macos-x86_64 | 3.0.3 | 5.00 | 45.00 | 50.00 | NOTE | |
| r-oldrel-windows-x86_64 | 3.0.3 | 16.00 | 111.00 | 127.00 | NOTE |
Version: 3.0.3
Check: LazyData
Result: NOTE
'LazyData' is specified without a 'data' directory
Flavors: r-oldrel-macos-arm64, r-oldrel-macos-x86_64, r-oldrel-windows-x86_64