Last updated on 2025-10-22 09:50:36 CEST.
Flavor | Version | Tinstall | Tcheck | Ttotal | Status | Flags |
---|---|---|---|---|---|---|
r-devel-linux-x86_64-debian-clang | 0.8.4 | 15.60 | 142.47 | 158.07 | NOTE | |
r-devel-linux-x86_64-debian-gcc | 0.8.4 | 11.12 | 98.53 | 109.65 | NOTE | |
r-devel-linux-x86_64-fedora-clang | 0.8.4 | 50.00 | 202.72 | 252.72 | OK | |
r-devel-linux-x86_64-fedora-gcc | 0.8.4 | 37.00 | 201.84 | 238.84 | OK | |
r-devel-windows-x86_64 | 0.8.4 | 19.00 | 167.00 | 186.00 | OK | |
r-patched-linux-x86_64 | 0.8.4 | 16.52 | 133.96 | 150.48 | OK | |
r-release-linux-x86_64 | 0.8.4 | 16.58 | 138.33 | 154.91 | OK | |
r-release-macos-arm64 | 0.8.4 | 7.00 | 67.00 | 74.00 | OK | |
r-release-macos-x86_64 | 0.8.4 | 10.00 | 137.00 | 147.00 | OK | |
r-release-windows-x86_64 | 0.8.4 | 20.00 | 170.00 | 190.00 | OK | |
r-oldrel-macos-arm64 | 0.8.4 | 8.00 | 64.00 | 72.00 | OK | |
r-oldrel-macos-x86_64 | 0.8.4 | 10.00 | 100.00 | 110.00 | OK | |
r-oldrel-windows-x86_64 | 0.8.4 | 23.00 | 211.00 | 234.00 | OK |
Version: 0.8.4
Check: HTML version of manual
Result: NOTE
Found the following HTML validation problems:
merge_imputed.html:55:1 (merge_imputed.Rd:14): Warning: missing </ul> before </div>
summary-imputeMulti-method.html:51:1 (summary-imputeMulti-method.Rd:12): Warning: missing </ul> before </div>
summary-mod_imputeMulti-method.html:51:1 (summary-mod_imputeMulti-method.Rd:12): Warning: missing </ul> before </div>
Flavors: r-devel-linux-x86_64-debian-clang, r-devel-linux-x86_64-debian-gcc