Last updated on 2025-10-17 11:50:57 CEST.
Flavor | Version | Tinstall | Tcheck | Ttotal | Status | Flags |
---|---|---|---|---|---|---|
r-devel-linux-x86_64-debian-clang | 0.1.0 | 13.04 | 152.45 | 165.49 | OK | |
r-devel-linux-x86_64-debian-gcc | 0.1.0 | 7.89 | 0.64 | 8.53 | FAIL | |
r-devel-linux-x86_64-fedora-clang | 0.1.0 | 262.41 | OK | |||
r-devel-linux-x86_64-fedora-gcc | 0.1.0 | 260.61 | OK | |||
r-devel-windows-x86_64 | 0.1.0 | 12.00 | 148.00 | 160.00 | OK | |
r-patched-linux-x86_64 | 0.1.0 | 11.23 | 149.76 | 160.99 | OK | |
r-release-linux-x86_64 | 0.1.0 | 11.55 | 146.04 | 157.59 | OK | |
r-release-macos-arm64 | 0.1.0 | 107.00 | OK | |||
r-release-macos-x86_64 | 0.1.0 | 132.00 | OK | |||
r-release-windows-x86_64 | 0.1.0 | 16.00 | 149.00 | 165.00 | OK | |
r-oldrel-macos-arm64 | 0.1.0 | 79.00 | OK | |||
r-oldrel-macos-x86_64 | 0.1.0 | 208.00 | OK | |||
r-oldrel-windows-x86_64 | 0.1.0 | 17.00 | 197.00 | 214.00 | OK |
Version: 0.1.0
Check: package dependencies
Result: FAIL
Flavor: r-devel-linux-x86_64-debian-gcc