Last updated on 2025-10-31 09:50:19 CET.
| Flavor | Version | Tinstall | Tcheck | Ttotal | Status | Flags | 
|---|---|---|---|---|---|---|
| r-devel-linux-x86_64-debian-clang | 0.2.1 | 2.53 | 26.75 | 29.28 | OK | |
| r-devel-linux-x86_64-debian-gcc | 0.2.1 | 2.25 | 21.29 | 23.54 | OK | |
| r-devel-linux-x86_64-fedora-clang | 0.2.1 | 14.00 | 32.31 | 46.31 | OK | |
| r-devel-linux-x86_64-fedora-gcc | 0.2.1 | 41.15 | OK | |||
| r-devel-windows-x86_64 | 0.2.1 | 4.00 | 44.00 | 48.00 | OK | |
| r-patched-linux-x86_64 | 0.2.1 | 2.64 | 25.48 | 28.12 | OK | |
| r-release-linux-x86_64 | 0.2.1 | 2.64 | 25.37 | 28.01 | OK | |
| r-release-macos-arm64 | 0.2.1 | 2.00 | 17.00 | 19.00 | OK | |
| r-release-macos-x86_64 | 0.2.1 | 2.00 | 33.00 | 35.00 | OK | |
| r-release-windows-x86_64 | 0.2.1 | 4.00 | 45.00 | 49.00 | OK | |
| r-oldrel-macos-arm64 | 0.2.1 | 1.00 | 17.00 | 18.00 | NOTE | |
| r-oldrel-macos-x86_64 | 0.2.1 | 2.00 | 22.00 | 24.00 | NOTE | |
| r-oldrel-windows-x86_64 | 0.2.1 | 6.00 | 48.00 | 54.00 | NOTE | 
Version: 0.2.1
Check: LazyData
Result: NOTE
    'LazyData' is specified without a 'data' directory
Flavors: r-oldrel-macos-arm64, r-oldrel-macos-x86_64, r-oldrel-windows-x86_64