Last updated on 2025-10-31 09:50:19 CET.
| Flavor | Version | Tinstall | Tcheck | Ttotal | Status | Flags | 
|---|---|---|---|---|---|---|
| r-devel-linux-x86_64-debian-clang | 1.0.2 | 1.92 | 19.81 | 21.73 | NOTE | |
| r-devel-linux-x86_64-debian-gcc | 1.0.2 | 1.34 | 16.34 | 17.68 | NOTE | |
| r-devel-linux-x86_64-fedora-clang | 1.0.2 | 32.97 | OK | |||
| r-devel-linux-x86_64-fedora-gcc | 1.0.2 | 29.85 | OK | |||
| r-devel-windows-x86_64 | 1.0.2 | 3.00 | 39.00 | 42.00 | OK | |
| r-patched-linux-x86_64 | 1.0.2 | 1.98 | 19.00 | 20.98 | OK | |
| r-release-linux-x86_64 | 1.0.2 | 1.45 | 18.65 | 20.10 | OK | |
| r-release-macos-arm64 | 1.0.2 | 1.00 | 14.00 | 15.00 | OK | |
| r-release-macos-x86_64 | 1.0.2 | 2.00 | 22.00 | 24.00 | OK | |
| r-release-windows-x86_64 | 1.0.2 | 3.00 | 40.00 | 43.00 | OK | |
| r-oldrel-macos-arm64 | 1.0.2 | 1.00 | 15.00 | 16.00 | NOTE | |
| r-oldrel-macos-x86_64 | 1.0.2 | 2.00 | 20.00 | 22.00 | NOTE | |
| r-oldrel-windows-x86_64 | 1.0.2 | 4.00 | 44.00 | 48.00 | NOTE | 
Version: 1.0.2
Check: CRAN incoming feasibility
Result: NOTE
  Maintainer: ‘Tim Liao <tfliao@illinois.edu>’
  
  No Authors@R field in DESCRIPTION.
  Please add one, modifying
    Authors@R: person(given = "Tim",
                      family = "Liao",
                      role = c("aut", "cre"),
                      email = "tfliao@illinois.edu")
  as necessary.
Flavors: r-devel-linux-x86_64-debian-clang, r-devel-linux-x86_64-debian-gcc
Version: 1.0.2
Check: LazyData
Result: NOTE
    'LazyData' is specified without a 'data' directory
Flavors: r-oldrel-macos-arm64, r-oldrel-macos-x86_64, r-oldrel-windows-x86_64