Last updated on 2025-10-27 09:50:36 CET.
| Flavor | Version | Tinstall | Tcheck | Ttotal | Status | Flags |
|---|---|---|---|---|---|---|
| r-devel-linux-x86_64-debian-clang | 1.5.12 | 24.44 | 150.98 | 175.42 | NOTE | |
| r-devel-linux-x86_64-debian-gcc | 1.5.12 | 15.13 | 103.10 | 118.23 | NOTE | |
| r-devel-linux-x86_64-fedora-clang | 1.5.12 | 51.00 | 227.08 | 278.08 | OK | |
| r-devel-linux-x86_64-fedora-gcc | 1.5.12 | 49.00 | 205.40 | 254.40 | OK | |
| r-devel-windows-x86_64 | 1.5.12 | 24.00 | 179.00 | 203.00 | OK | |
| r-patched-linux-x86_64 | 1.5.12 | 22.45 | 144.20 | 166.65 | OK | |
| r-release-linux-x86_64 | 1.5.12 | 20.01 | 144.58 | 164.59 | OK | |
| r-release-macos-arm64 | 1.5.12 | 9.00 | 77.00 | 86.00 | OK | |
| r-release-macos-x86_64 | 1.5.12 | 18.00 | 138.00 | 156.00 | OK | |
| r-release-windows-x86_64 | 1.5.12 | 23.00 | 184.00 | 207.00 | OK | |
| r-oldrel-macos-arm64 | 1.5.12 | 9.00 | 73.00 | 82.00 | OK | |
| r-oldrel-macos-x86_64 | 1.5.12 | 15.00 | 116.00 | 131.00 | OK | |
| r-oldrel-windows-x86_64 | 1.5.12 | 31.00 | 244.00 | 275.00 | OK |
Version: 1.5.12
Check: CRAN incoming feasibility
Result: NOTE
Maintainer: ‘Daliang Ning <ningdaliang@ou.edu>’
No Authors@R field in DESCRIPTION.
Please add one, modifying
Authors@R: person(given = "Daliang",
family = "Ning",
role = c("aut", "cre"),
email = "ningdaliang@ou.edu")
as necessary.
Flavors: r-devel-linux-x86_64-debian-clang, r-devel-linux-x86_64-debian-gcc