Last updated on 2024-05-09 10:49:51 CEST.
Flavor | Version | Tinstall | Tcheck | Ttotal | Status | Flags |
---|---|---|---|---|---|---|
r-devel-linux-x86_64-debian-clang | 0.1.0 | 8.25 | 68.72 | 76.97 | NOTE | |
r-devel-linux-x86_64-debian-gcc | 0.1.0 | 5.63 | 50.96 | 56.59 | NOTE | |
r-devel-linux-x86_64-fedora-clang | 0.1.0 | 100.21 | NOTE | |||
r-devel-linux-x86_64-fedora-gcc | 0.1.0 | 143.18 | NOTE | |||
r-devel-windows-x86_64 | 0.1.0 | 8.00 | 66.00 | 74.00 | NOTE | |
r-patched-linux-x86_64 | 0.1.0 | 6.19 | 62.95 | 69.14 | NOTE | |
r-release-linux-x86_64 | 0.1.0 | 4.52 | 64.19 | 68.71 | NOTE | |
r-release-macos-arm64 | 0.1.0 | 30.00 | NOTE | |||
r-release-windows-x86_64 | 0.1.0 | 8.00 | 66.00 | 74.00 | NOTE | |
r-oldrel-macos-arm64 | 0.1.0 | 32.00 | NOTE | |||
r-oldrel-macos-x86_64 | 0.1.0 | 46.00 | NOTE | |||
r-oldrel-windows-x86_64 | 0.1.0 | 10.00 | 73.00 | 83.00 | NOTE |
Version: 0.1.0
Check: LazyData
Result: NOTE
'LazyData' is specified without a 'data' directory
Flavors: r-devel-linux-x86_64-debian-clang, r-devel-linux-x86_64-debian-gcc, r-devel-linux-x86_64-fedora-clang, r-devel-linux-x86_64-fedora-gcc, r-devel-windows-x86_64, r-patched-linux-x86_64, r-release-linux-x86_64, r-release-macos-arm64, r-release-windows-x86_64, r-oldrel-macos-arm64, r-oldrel-macos-x86_64, r-oldrel-windows-x86_64