Last updated on 2025-11-22 09:49:55 CET.
| Flavor | Version | Tinstall | Tcheck | Ttotal | Status | Flags |
|---|---|---|---|---|---|---|
| r-devel-linux-x86_64-debian-clang | 0.1.1 | 4.58 | 44.96 | 49.54 | OK | |
| r-devel-linux-x86_64-debian-gcc | 0.1.1 | 2.64 | 34.15 | 36.79 | OK | |
| r-devel-linux-x86_64-fedora-clang | 0.1.1 | 12.00 | 63.62 | 75.62 | OK | |
| r-devel-linux-x86_64-fedora-gcc | 0.1.1 | 81.05 | OK | |||
| r-devel-windows-x86_64 | 0.1.1 | 8.00 | 57.00 | 65.00 | OK | |
| r-patched-linux-x86_64 | 0.1.1 | 3.91 | 40.71 | 44.62 | OK | |
| r-release-linux-x86_64 | 0.1.1 | 4.39 | 40.61 | 45.00 | OK | |
| r-release-macos-arm64 | 0.1.1 | OK | ||||
| r-release-macos-x86_64 | 0.1.1 | 5.00 | 67.00 | 72.00 | OK | |
| r-release-windows-x86_64 | 0.1.1 | 7.00 | 58.00 | 65.00 | OK | |
| r-oldrel-macos-arm64 | 0.1.1 | NOTE | ||||
| r-oldrel-macos-x86_64 | 0.1.1 | 5.00 | 60.00 | 65.00 | NOTE | |
| r-oldrel-windows-x86_64 | 0.1.1 | 8.00 | 69.00 | 77.00 | NOTE |
Version: 0.1.1
Check: LazyData
Result: NOTE
'LazyData' is specified without a 'data' directory
Flavors: r-oldrel-macos-arm64, r-oldrel-macos-x86_64, r-oldrel-windows-x86_64