Last updated on 2025-10-22 09:50:35 CEST.
Flavor | Version | Tinstall | Tcheck | Ttotal | Status | Flags |
---|---|---|---|---|---|---|
r-devel-linux-x86_64-debian-clang | 0.1-4 | 11.84 | 40.72 | 52.56 | NOTE | |
r-devel-linux-x86_64-debian-gcc | 0.1-4 | 9.36 | 31.58 | 40.94 | NOTE | |
r-devel-linux-x86_64-fedora-clang | 0.1-4 | 39.00 | 49.10 | 88.10 | OK | |
r-devel-linux-x86_64-fedora-gcc | 0.1-4 | 31.00 | 61.21 | 92.21 | OK | |
r-devel-windows-x86_64 | 0.1-4 | 15.00 | 74.00 | 89.00 | OK | |
r-patched-linux-x86_64 | 0.1-4 | 12.61 | 37.86 | 50.47 | OK | |
r-release-linux-x86_64 | 0.1-4 | 12.86 | 37.55 | 50.41 | OK | |
r-release-macos-arm64 | 0.1-4 | 6.00 | 29.00 | 35.00 | OK | |
r-release-macos-x86_64 | 0.1-4 | 9.00 | 51.00 | 60.00 | OK | |
r-release-windows-x86_64 | 0.1-4 | 15.00 | 79.00 | 94.00 | OK | |
r-oldrel-macos-arm64 | 0.1-4 | 5.00 | 26.00 | 31.00 | OK | |
r-oldrel-macos-x86_64 | 0.1-4 | 7.00 | 40.00 | 47.00 | OK | |
r-oldrel-windows-x86_64 | 0.1-4 | 16.00 | 95.00 | 111.00 | OK |
Version: 0.1-4
Check: CRAN incoming feasibility
Result: NOTE
Maintainer: ‘Tobias Mütze <tobias.muetze@outlook.com>’
Package CITATION file contains call(s) to old-style personList() or
as.personList(). Please use c() on person objects instead.
Package CITATION file contains call(s) to old-style citEntry(). Please
use bibentry() instead.
Flavors: r-devel-linux-x86_64-debian-clang, r-devel-linux-x86_64-debian-gcc
Version: 0.1-4
Check: HTML version of manual
Result: NOTE
Found the following HTML validation problems:
check_gsnb.html:46:1 (check_gsnb.Rd:10): Warning: missing </ul> before </div>
get_covar.html:46:1 (get_covar.Rd:10): Warning: missing </ul> before </div>
print.gsnb.html:51:1 (print.gsnb.Rd:12): Warning: missing </ul> before </div>
print.nb.html:51:1 (print.nb.Rd:12): Warning: missing </ul> before </div>
Flavors: r-devel-linux-x86_64-debian-clang, r-devel-linux-x86_64-debian-gcc