CRAN Package Check Results for Package gridtext

Last updated on 2025-10-09 12:51:18 CEST.

Flavor Version Tinstall Tcheck Ttotal Status Flags
r-devel-linux-x86_64-debian-clang 0.1.5 24.65 38.15 62.80 NOTE
r-devel-linux-x86_64-debian-gcc 0.1.5 21.19 28.89 50.08 NOTE
r-devel-linux-x86_64-fedora-clang 0.1.5 106.03 NOTE
r-devel-linux-x86_64-fedora-gcc 0.1.5 99.29 NOTE
r-devel-windows-x86_64 0.1.5 33.00 71.00 104.00 NOTE
r-patched-linux-x86_64 0.1.5 28.15 35.34 63.49 NOTE
r-release-linux-x86_64 0.1.5 26.92 35.48 62.40 NOTE
r-release-macos-arm64 0.1.5 45.00 NOTE
r-release-macos-x86_64 0.1.5 76.00 NOTE
r-release-windows-x86_64 0.1.5 33.00 73.00 106.00 NOTE
r-oldrel-macos-arm64 0.1.5 33.00 NOTE
r-oldrel-macos-x86_64 0.1.5 40.00 NOTE
r-oldrel-windows-x86_64 0.1.5 39.00 86.00 125.00 NOTE

Check Details

Version: 0.1.5
Check: C++ specification
Result: NOTE Specified C++11: please drop specification unless essential Flavors: r-devel-linux-x86_64-debian-clang, r-devel-linux-x86_64-debian-gcc, r-devel-linux-x86_64-fedora-clang, r-devel-linux-x86_64-fedora-gcc, r-devel-windows-x86_64, r-patched-linux-x86_64, r-release-linux-x86_64, r-release-macos-arm64, r-release-macos-x86_64, r-release-windows-x86_64, r-oldrel-macos-arm64, r-oldrel-macos-x86_64, r-oldrel-windows-x86_64

Version: 0.1.5
Check: DESCRIPTION meta-information
Result: NOTE Author field differs from that derived from Authors@R Author: ‘Claus O. Wilke [aut] (<https://orcid.org/0000-0002-7470-9261>), Brenton M. Wiernik [aut, cre] (<https://orcid.org/0000-0001-9560-6336>, @bmwiernik)’ Authors@R: ‘Claus O. Wilke [aut] (ORCID: <https://orcid.org/0000-0002-7470-9261>), Brenton M. Wiernik [aut, cre] (ORCID: <https://orcid.org/0000-0001-9560-6336>, Twitter: @bmwiernik)’ Flavors: r-devel-linux-x86_64-debian-clang, r-devel-linux-x86_64-debian-gcc