Last updated on 2025-10-31 09:50:19 CET.
| Flavor | Version | Tinstall | Tcheck | Ttotal | Status | Flags | 
|---|---|---|---|---|---|---|
| r-devel-linux-x86_64-debian-clang | 1.0.4 | 9.21 | 81.85 | 91.06 | OK | |
| r-devel-linux-x86_64-debian-gcc | 1.0.4 | 6.71 | 59.32 | 66.03 | OK | |
| r-devel-linux-x86_64-fedora-clang | 1.0.4 | 37.00 | 111.65 | 148.65 | OK | |
| r-devel-linux-x86_64-fedora-gcc | 1.0.4 | 19.00 | 124.69 | 143.69 | OK | |
| r-devel-windows-x86_64 | 1.0.4 | 11.00 | 88.00 | 99.00 | OK | |
| r-patched-linux-x86_64 | 1.0.4 | 8.84 | 77.53 | 86.37 | OK | |
| r-release-linux-x86_64 | 1.0.4 | 8.26 | 77.38 | 85.64 | OK | |
| r-release-macos-arm64 | 1.0.4 | 4.00 | 45.00 | 49.00 | OK | |
| r-release-macos-x86_64 | 1.0.4 | 9.00 | 97.00 | 106.00 | OK | |
| r-release-windows-x86_64 | 1.0.4 | 10.00 | 88.00 | 98.00 | OK | |
| r-oldrel-macos-arm64 | 1.0.4 | 4.00 | 45.00 | 49.00 | OK | |
| r-oldrel-macos-x86_64 | 1.0.4 | 16.00 | 103.00 | 119.00 | NOTE | |
| r-oldrel-windows-x86_64 | 1.0.4 | 14.00 | 113.00 | 127.00 | OK | 
Version: 1.0.4
Check: for unstated dependencies in vignettes
Result: NOTE
  Warning in gzfile(file, mode) :
    cannot open compressed file '/var/folders/2b/t0kwbtmn3p7brv2mvx39c9cr0000gn/T//RtmpyNX8tp/runrid2c45f212d27', probable reason 'No space left on device'
  Error in gzfile(file, mode) : cannot open the connection
  Execution halted
Flavor: r-oldrel-macos-x86_64