Last updated on 2024-05-09 10:49:51 CEST.
Flavor | Version | Tinstall | Tcheck | Ttotal | Status | Flags |
---|---|---|---|---|---|---|
r-devel-linux-x86_64-debian-clang | 1.5.1 | 48.52 | 29.89 | 78.41 | NOTE | |
r-devel-linux-x86_64-debian-gcc | 1.5.1 | 38.52 | 22.91 | 61.43 | NOTE | |
r-devel-linux-x86_64-fedora-clang | 1.5.1 | 121.15 | NOTE | |||
r-devel-linux-x86_64-fedora-gcc | 1.5.1 | 166.08 | NOTE | |||
r-devel-windows-x86_64 | 1.5.1 | 39.00 | 63.00 | 102.00 | NOTE | |
r-patched-linux-x86_64 | 1.5.1 | 51.84 | 28.47 | 80.31 | NOTE | |
r-release-linux-x86_64 | 1.5.1 | 50.04 | 28.24 | 78.28 | NOTE | |
r-release-macos-arm64 | 1.5.1 | 28.00 | NOTE | |||
r-release-windows-x86_64 | 1.5.1 | 37.00 | 66.00 | 103.00 | NOTE | |
r-oldrel-macos-arm64 | 1.5.1 | 30.00 | NOTE | |||
r-oldrel-macos-x86_64 | 1.5.1 | 49.00 | NOTE | |||
r-oldrel-windows-x86_64 | 1.5.1 | 40.00 | 71.00 | 111.00 | NOTE |
Version: 1.5.1
Check: C++ specification
Result: NOTE
Specified C++11: please drop specification unless essential
Flavors: r-devel-linux-x86_64-debian-clang, r-devel-linux-x86_64-debian-gcc, r-devel-linux-x86_64-fedora-clang, r-devel-linux-x86_64-fedora-gcc, r-devel-windows-x86_64, r-patched-linux-x86_64, r-release-linux-x86_64, r-release-macos-arm64, r-release-windows-x86_64, r-oldrel-macos-arm64, r-oldrel-macos-x86_64, r-oldrel-windows-x86_64