Last updated on 2025-10-31 09:50:18 CET.
| Flavor | Version | Tinstall | Tcheck | Ttotal | Status | Flags | 
|---|---|---|---|---|---|---|
| r-devel-linux-x86_64-debian-clang | 1.6.1 | 40.87 | 141.89 | 182.76 | NOTE | |
| r-devel-linux-x86_64-debian-gcc | 1.6.1 | 34.84 | 96.78 | 131.62 | NOTE | |
| r-devel-linux-x86_64-fedora-clang | 1.6.1 | 151.00 | 161.12 | 312.12 | NOTE | |
| r-devel-linux-x86_64-fedora-gcc | 1.6.1 | 115.00 | 185.84 | 300.84 | NOTE | |
| r-devel-windows-x86_64 | 1.6.1 | 46.00 | 212.00 | 258.00 | NOTE | |
| r-patched-linux-x86_64 | 1.6.1 | 46.75 | 138.95 | 185.70 | NOTE | |
| r-release-linux-x86_64 | 1.6.1 | 45.17 | 139.53 | 184.70 | NOTE | |
| r-release-macos-arm64 | 1.6.1 | 23.00 | 65.00 | 88.00 | NOTE | |
| r-release-macos-x86_64 | 1.6.1 | 50.00 | 132.00 | 182.00 | NOTE | |
| r-release-windows-x86_64 | 1.6.1 | 46.00 | 229.00 | 275.00 | NOTE | |
| r-oldrel-macos-arm64 | 1.6.1 | 19.00 | 27.00 | 46.00 | NOTE | |
| r-oldrel-macos-x86_64 | 1.6.1 | 27.00 | 38.00 | 65.00 | NOTE | |
| r-oldrel-windows-x86_64 | 1.6.1 | 55.00 | 277.00 | 332.00 | NOTE | 
Version: 1.6.1
Check: C++ specification
Result: NOTE
    Specified C++11: please drop specification unless essential
Flavors: r-devel-linux-x86_64-debian-clang, r-devel-linux-x86_64-debian-gcc, r-devel-linux-x86_64-fedora-clang, r-devel-linux-x86_64-fedora-gcc, r-devel-windows-x86_64, r-patched-linux-x86_64, r-release-linux-x86_64, r-release-macos-arm64, r-release-macos-x86_64, r-release-windows-x86_64, r-oldrel-macos-arm64, r-oldrel-macos-x86_64, r-oldrel-windows-x86_64
Version: 1.6.1
Check: installed package size
Result: NOTE
    installed size is 15.9Mb
    sub-directories of 1Mb or more:
      libs  15.8Mb
Flavors: r-oldrel-macos-arm64, r-oldrel-macos-x86_64