Last updated on 2024-05-09 10:49:50 CEST.
Flavor | Version | Tinstall | Tcheck | Ttotal | Status | Flags |
---|---|---|---|---|---|---|
r-devel-linux-x86_64-debian-clang | 1.3 | 18.19 | 124.39 | 142.58 | OK | |
r-devel-linux-x86_64-debian-gcc | 1.3 | 12.14 | 93.43 | 105.57 | OK | |
r-devel-linux-x86_64-fedora-clang | 1.3 | 175.19 | NOTE | |||
r-devel-linux-x86_64-fedora-gcc | 1.3 | 218.75 | NOTE | |||
r-devel-windows-x86_64 | 1.3 | 14.00 | 104.00 | 118.00 | OK | |
r-patched-linux-x86_64 | 1.3 | 12.60 | 116.98 | 129.58 | OK | |
r-release-linux-x86_64 | 1.3 | 11.40 | 118.83 | 130.23 | OK | |
r-release-macos-arm64 | 1.3 | 50.00 | OK | |||
r-release-windows-x86_64 | 1.3 | 14.00 | 103.00 | 117.00 | OK | |
r-oldrel-macos-arm64 | 1.3 | 53.00 | OK | |||
r-oldrel-macos-x86_64 | 1.3 | 85.00 | OK | |||
r-oldrel-windows-x86_64 | 1.3 | 19.00 | 128.00 | 147.00 | OK |
Version: 1.3
Check: dependencies in R code
Result: NOTE
Namespaces in Imports field not imported from:
‘nomogramFormula’ ‘survival’
All declared Imports should be used.
Flavors: r-devel-linux-x86_64-fedora-clang, r-devel-linux-x86_64-fedora-gcc