Last updated on 2024-05-09 10:49:50 CEST.
Flavor | Version | Tinstall | Tcheck | Ttotal | Status | Flags |
---|---|---|---|---|---|---|
r-devel-linux-x86_64-debian-clang | 2.0.0 | 6.44 | 51.91 | 58.35 | NOTE | |
r-devel-linux-x86_64-debian-gcc | 2.0.0 | 4.21 | 39.37 | 43.58 | NOTE | |
r-devel-linux-x86_64-fedora-clang | 2.0.0 | 77.78 | NOTE | |||
r-devel-linux-x86_64-fedora-gcc | 2.0.0 | 118.40 | NOTE | |||
r-devel-windows-x86_64 | 2.0.0 | 7.00 | 56.00 | 63.00 | NOTE | |
r-patched-linux-x86_64 | 2.0.0 | 6.04 | 50.46 | 56.50 | NOTE | |
r-release-linux-x86_64 | 2.0.0 | 4.62 | 50.20 | 54.82 | NOTE | |
r-release-macos-arm64 | 2.0.0 | 24.00 | NOTE | |||
r-release-windows-x86_64 | 2.0.0 | 6.00 | 56.00 | 62.00 | NOTE | |
r-oldrel-macos-arm64 | 2.0.0 | 30.00 | NOTE | |||
r-oldrel-macos-x86_64 | 2.0.0 | 42.00 | NOTE | |||
r-oldrel-windows-x86_64 | 2.0.0 | 8.00 | 61.00 | 69.00 | NOTE |
Version: 2.0.0
Check: LazyData
Result: NOTE
'LazyData' is specified without a 'data' directory
Flavors: r-devel-linux-x86_64-debian-clang, r-devel-linux-x86_64-debian-gcc, r-devel-linux-x86_64-fedora-clang, r-devel-linux-x86_64-fedora-gcc, r-devel-windows-x86_64, r-patched-linux-x86_64, r-release-linux-x86_64, r-release-macos-arm64, r-release-windows-x86_64, r-oldrel-macos-arm64, r-oldrel-macos-x86_64, r-oldrel-windows-x86_64