Last updated on 2025-10-31 09:50:18 CET.
| Flavor | Version | Tinstall | Tcheck | Ttotal | Status | Flags | 
|---|---|---|---|---|---|---|
| r-devel-linux-x86_64-debian-clang | 1.3.8.1.3 | 4.35 | 52.57 | 56.92 | NOTE | |
| r-devel-linux-x86_64-debian-gcc | 1.3.8.1.3 | 2.89 | 36.09 | 38.98 | NOTE | |
| r-devel-linux-x86_64-fedora-clang | 1.3.8.1.3 | 12.00 | 79.95 | 91.95 | NOTE | |
| r-devel-linux-x86_64-fedora-gcc | 1.3.8.1.3 | 81.16 | NOTE | |||
| r-devel-windows-x86_64 | 1.3.8.1.3 | 5.00 | 67.00 | 72.00 | NOTE | |
| r-patched-linux-x86_64 | 1.3.8.1.3 | 5.14 | 49.98 | 55.12 | NOTE | |
| r-release-linux-x86_64 | 1.3.8.1.3 | 4.10 | 49.46 | 53.56 | NOTE | |
| r-release-macos-arm64 | 1.3.8.1.3 | 2.00 | 22.00 | 24.00 | NOTE | |
| r-release-macos-x86_64 | 1.3.8.1.3 | 4.00 | 68.00 | 72.00 | NOTE | |
| r-release-windows-x86_64 | 1.3.8.1.3 | 8.00 | 69.00 | 77.00 | NOTE | |
| r-oldrel-macos-arm64 | 1.3.8.1.3 | 2.00 | 23.00 | 25.00 | NOTE | |
| r-oldrel-macos-x86_64 | 1.3.8.1.3 | 3.00 | 61.00 | 64.00 | NOTE | |
| r-oldrel-windows-x86_64 | 1.3.8.1.3 | 9.00 | 85.00 | 94.00 | NOTE | 
Version: 1.3.8.1.3
Check: CRAN incoming feasibility
Result: NOTE
  Maintainer: ‘Gregory Warnes <greg@warnes.net>’
  
  No Authors@R field in DESCRIPTION.
  Please add one, modifying
    Authors@R: c(person(given = "Gregory",
                        family = "Warnes",
                        role = c("aut", "cre"),
                        email = "greg@warnes.net"),
                 person(given = c("with", "contributions", "from", "Gregor"),
                        family = "Gorjanc",
                        role = "aut"),
                 person(given = "Friedrich",
                        family = "Leisch",
                        role = "aut"),
                 person(given = "Michael",
                        family = "Man.",
                        role = "aut"))
  as necessary.
Flavors: r-devel-linux-x86_64-debian-clang, r-devel-linux-x86_64-debian-gcc
Version: 1.3.8.1.3
Check: Rd files
Result: NOTE
  checkRd: (-1) LD.Rd:37-46: Lost braces in \itemize; meant \describe ?
  checkRd: (-1) LD.Rd:47-64: Lost braces in \itemize; meant \describe ?
  checkRd: (-1) LD.Rd:66-73: Lost braces in \itemize; meant \describe ?
  checkRd: (-1) LD.Rd:78-79: Lost braces in \itemize; meant \describe ?
  checkRd: (-1) LD.Rd:80-81: Lost braces in \itemize; meant \describe ?
  checkRd: (-1) LD.Rd:82-83: Lost braces in \itemize; meant \describe ?
  checkRd: (-1) LD.Rd:84-85: Lost braces in \itemize; meant \describe ?
  checkRd: (-1) LD.Rd:86-87: Lost braces in \itemize; meant \describe ?
  checkRd: (-1) diseq.Rd:48-58: Lost braces in \itemize; meant \describe ?
  checkRd: (-1) diseq.Rd:59-76: Lost braces in \itemize; meant \describe ?
  checkRd: (-1) diseq.Rd:78-87: Lost braces in \itemize; meant \describe ?
  checkRd: (-1) diseq.Rd:93-94: Lost braces in \itemize; meant \describe ?
  checkRd: (-1) diseq.Rd:95-96: Lost braces in \itemize; meant \describe ?
  checkRd: (-1) diseq.Rd:97-98: Lost braces in \itemize; meant \describe ?
  checkRd: (-1) diseq.Rd:124: Lost braces in \itemize; \value handles \item{}{} directly
  checkRd: (-1) diseq.Rd:125: Lost braces in \itemize; \value handles \item{}{} directly
  checkRd: (-1) diseq.Rd:126-128: Lost braces in \itemize; \value handles \item{}{} directly
  checkRd: (-1) diseq.Rd:129: Lost braces in \itemize; \value handles \item{}{} directly
Flavors: r-devel-linux-x86_64-debian-clang, r-devel-linux-x86_64-debian-gcc, r-devel-linux-x86_64-fedora-clang, r-devel-linux-x86_64-fedora-gcc, r-devel-windows-x86_64, r-patched-linux-x86_64, r-release-linux-x86_64, r-release-macos-arm64, r-release-macos-x86_64, r-release-windows-x86_64, r-oldrel-macos-arm64, r-oldrel-macos-x86_64, r-oldrel-windows-x86_64