Last updated on 2025-10-23 10:48:42 CEST.
| Flavor | Version | Tinstall | Tcheck | Ttotal | Status | Flags |
|---|---|---|---|---|---|---|
| r-devel-linux-x86_64-debian-clang | 0.1.0 | 2.28 | 26.02 | 28.30 | NOTE | |
| r-devel-linux-x86_64-debian-gcc | 0.1.0 | 1.80 | 21.15 | 22.95 | NOTE | |
| r-devel-linux-x86_64-fedora-clang | 0.1.0 | 44.30 | NOTE | |||
| r-devel-linux-x86_64-fedora-gcc | 0.1.0 | 55.61 | NOTE | |||
| r-devel-windows-x86_64 | 0.1.0 | 5.00 | 46.00 | 51.00 | NOTE | |
| r-patched-linux-x86_64 | 0.1.0 | 2.18 | 24.99 | 27.17 | NOTE | |
| r-release-linux-x86_64 | 0.1.0 | 2.33 | 25.22 | 27.55 | NOTE | |
| r-release-macos-arm64 | 0.1.0 | 1.00 | 24.00 | 25.00 | NOTE | |
| r-release-macos-x86_64 | 0.1.0 | 2.00 | 42.00 | 44.00 | NOTE | |
| r-release-windows-x86_64 | 0.1.0 | 4.00 | 49.00 | 53.00 | NOTE | |
| r-oldrel-macos-arm64 | 0.1.0 | 1.00 | 23.00 | 24.00 | NOTE | |
| r-oldrel-macos-x86_64 | 0.1.0 | 2.00 | 33.00 | 35.00 | NOTE | |
| r-oldrel-windows-x86_64 | 0.1.0 | 7.00 | 56.00 | 63.00 | NOTE |
Version: 0.1.0
Check: package subdirectories
Result: NOTE
Problems with news in ‘NEWS.md’:
No news entries found.
Flavors: r-devel-linux-x86_64-debian-clang, r-devel-linux-x86_64-debian-gcc, r-devel-linux-x86_64-fedora-clang, r-devel-linux-x86_64-fedora-gcc, r-devel-windows-x86_64, r-patched-linux-x86_64, r-release-linux-x86_64, r-release-macos-arm64, r-release-macos-x86_64, r-release-windows-x86_64, r-oldrel-macos-arm64, r-oldrel-macos-x86_64, r-oldrel-windows-x86_64