Last updated on 2024-05-09 10:49:49 CEST.
Flavor | Version | Tinstall | Tcheck | Ttotal | Status | Flags |
---|---|---|---|---|---|---|
r-devel-linux-x86_64-debian-clang | 0.6 | 1.38 | 20.77 | 22.15 | NOTE | |
r-devel-linux-x86_64-debian-gcc | 0.6 | 1.60 | 16.42 | 18.02 | NOTE | |
r-devel-linux-x86_64-fedora-clang | 0.6 | 29.82 | NOTE | |||
r-devel-linux-x86_64-fedora-gcc | 0.6 | 31.27 | NOTE | |||
r-devel-windows-x86_64 | 0.6 | 3.00 | 36.00 | 39.00 | NOTE | |
r-patched-linux-x86_64 | 0.6 | 2.08 | 20.09 | 22.17 | NOTE | |
r-release-linux-x86_64 | 0.6 | 1.87 | 20.00 | 21.87 | NOTE | |
r-release-macos-arm64 | 0.6 | 14.00 | NOTE | |||
r-release-windows-x86_64 | 0.6 | 3.00 | 36.00 | 39.00 | NOTE | |
r-oldrel-macos-arm64 | 0.6 | 14.00 | NOTE | |||
r-oldrel-macos-x86_64 | 0.6 | 19.00 | NOTE | |||
r-oldrel-windows-x86_64 | 0.6 | 2.00 | 32.00 | 34.00 | NOTE |
Version: 0.6
Check: DESCRIPTION meta-information
Result: NOTE
Malformed Description field: should contain one or more complete sentences.
Flavors: r-devel-linux-x86_64-debian-clang, r-devel-linux-x86_64-debian-gcc, r-devel-linux-x86_64-fedora-clang, r-devel-linux-x86_64-fedora-gcc, r-devel-windows-x86_64, r-patched-linux-x86_64, r-release-linux-x86_64, r-release-macos-arm64, r-release-windows-x86_64, r-oldrel-macos-arm64, r-oldrel-macos-x86_64, r-oldrel-windows-x86_64