Last updated on 2024-05-09 10:49:49 CEST.
Flavor | Version | Tinstall | Tcheck | Ttotal | Status | Flags |
---|---|---|---|---|---|---|
r-devel-linux-x86_64-debian-clang | 0.1.8 | 70.07 | 167.17 | 237.24 | NOTE | |
r-devel-linux-x86_64-debian-gcc | 0.1.8 | 54.03 | 122.92 | 176.95 | NOTE | |
r-devel-linux-x86_64-fedora-clang | 0.1.8 | 287.71 | NOTE | |||
r-devel-linux-x86_64-fedora-gcc | 0.1.8 | 365.99 | NOTE | |||
r-devel-windows-x86_64 | 0.1.8 | 47.00 | 164.00 | 211.00 | NOTE | |
r-patched-linux-x86_64 | 0.1.8 | 69.08 | 160.81 | 229.89 | NOTE | |
r-release-linux-x86_64 | 0.1.8 | 67.01 | 159.17 | 226.18 | NOTE | |
r-release-macos-arm64 | 0.1.8 | 76.00 | NOTE | |||
r-release-windows-x86_64 | 0.1.8 | 46.00 | 165.00 | 211.00 | NOTE | |
r-oldrel-macos-arm64 | 0.1.8 | 83.00 | NOTE | |||
r-oldrel-macos-x86_64 | 0.1.8 | 117.00 | NOTE | |||
r-oldrel-windows-x86_64 | 0.1.8 | 58.00 | 196.00 | 254.00 | NOTE |
Version: 0.1.8
Check: C++ specification
Result: NOTE
Specified C++11: please drop specification unless essential
Flavors: r-devel-linux-x86_64-debian-clang, r-devel-linux-x86_64-debian-gcc, r-devel-linux-x86_64-fedora-clang, r-devel-linux-x86_64-fedora-gcc, r-devel-windows-x86_64, r-patched-linux-x86_64, r-release-linux-x86_64, r-release-macos-arm64, r-release-windows-x86_64, r-oldrel-macos-arm64, r-oldrel-macos-x86_64, r-oldrel-windows-x86_64
Version: 0.1.8
Check: dependencies in R code
Result: NOTE
Namespace in Imports field not imported from: ‘qpdf’
All declared Imports should be used.
Flavors: r-devel-linux-x86_64-fedora-clang, r-devel-linux-x86_64-fedora-gcc
Version: 0.1.8
Check: installed package size
Result: NOTE
installed size is 20.4Mb
sub-directories of 1Mb or more:
libs 19.7Mb
Flavors: r-release-macos-arm64, r-oldrel-macos-arm64, r-oldrel-macos-x86_64