Last updated on 2025-10-31 09:50:17 CET.
| Flavor | Version | Tinstall | Tcheck | Ttotal | Status | Flags | 
|---|---|---|---|---|---|---|
| r-devel-linux-x86_64-debian-clang | 0.4.1 | 6.09 | 104.12 | 110.21 | NOTE | |
| r-devel-linux-x86_64-debian-gcc | 0.4.1 | 4.75 | 76.94 | 81.69 | NOTE | |
| r-devel-linux-x86_64-fedora-clang | 0.4.1 | 18.00 | 152.62 | 170.62 | OK | |
| r-devel-linux-x86_64-fedora-gcc | 0.4.1 | 12.00 | 149.06 | 161.06 | OK | |
| r-devel-windows-x86_64 | 0.4.1 | 9.00 | 119.00 | 128.00 | OK | |
| r-patched-linux-x86_64 | 0.4.1 | 5.87 | 98.91 | 104.78 | OK | |
| r-release-linux-x86_64 | 0.4.1 | 5.89 | 99.25 | 105.14 | OK | |
| r-release-macos-arm64 | 0.4.1 | 4.00 | 66.00 | 70.00 | OK | |
| r-release-macos-x86_64 | 0.4.1 | 6.00 | 72.00 | 78.00 | OK | |
| r-release-windows-x86_64 | 0.4.1 | 11.00 | 121.00 | 132.00 | OK | |
| r-oldrel-macos-arm64 | 0.4.1 | 3.00 | 45.00 | 48.00 | OK | |
| r-oldrel-macos-x86_64 | 0.4.1 | 5.00 | 63.00 | 68.00 | OK | |
| r-oldrel-windows-x86_64 | 0.4.1 | 11.00 | 152.00 | 163.00 | OK | 
Version: 0.4.1
Check: CRAN incoming feasibility
Result: NOTE
  Maintainer: ‘Alistair Wilcox <frequency@alistairwilcox.com>’
  
  No Authors@R field in DESCRIPTION.
  Please add one, modifying
    Authors@R: person(given = "Alistair",
                      family = "Wilcox",
                      role = c("aut", "cre"),
                      email = "frequency@alistairwilcox.com")
  as necessary.
Flavors: r-devel-linux-x86_64-debian-clang, r-devel-linux-x86_64-debian-gcc