Last updated on 2024-05-09 10:49:49 CEST.
Flavor | Version | Tinstall | Tcheck | Ttotal | Status | Flags |
---|---|---|---|---|---|---|
r-devel-linux-x86_64-debian-clang | 0.0-5 | 13.35 | 150.18 | 163.53 | OK | |
r-devel-linux-x86_64-debian-gcc | 0.0-5 | 9.61 | 108.15 | 117.76 | OK | |
r-devel-linux-x86_64-fedora-clang | 0.0-5 | 214.01 | NOTE | |||
r-devel-linux-x86_64-fedora-gcc | 0.0-5 | 251.34 | NOTE | |||
r-devel-windows-x86_64 | 0.0-5 | 13.00 | 117.00 | 130.00 | OK | |
r-patched-linux-x86_64 | 0.0-5 | 12.23 | 141.11 | 153.34 | OK | |
r-release-linux-x86_64 | 0.0-5 | 10.28 | 117.66 | 127.94 | OK | |
r-release-macos-arm64 | 0.0-5 | 52.00 | OK | |||
r-release-windows-x86_64 | 0.0-5 | 12.00 | 117.00 | 129.00 | OK | |
r-oldrel-macos-arm64 | 0.0-5 | 61.00 | OK | |||
r-oldrel-macos-x86_64 | 0.0-5 | 106.00 | OK | |||
r-oldrel-windows-x86_64 | 0.0-5 | 15.00 | 149.00 | 164.00 | OK |
Version: 0.0-5
Check: dependencies in R code
Result: NOTE
Namespace in Imports field not imported from: ‘pkgKitten’
All declared Imports should be used.
Flavors: r-devel-linux-x86_64-fedora-clang, r-devel-linux-x86_64-fedora-gcc