Last updated on 2025-11-06 09:48:41 CET.
| Flavor | Version | Tinstall | Tcheck | Ttotal | Status | Flags |
|---|---|---|---|---|---|---|
| r-devel-linux-x86_64-debian-clang | 5.1.20 | 8.46 | 287.82 | 296.28 | OK | |
| r-devel-linux-x86_64-debian-gcc | 5.1.20 | 6.24 | 173.90 | 180.14 | ERROR | |
| r-devel-linux-x86_64-fedora-clang | 5.1.20 | 38.00 | 468.55 | 506.55 | OK | |
| r-devel-linux-x86_64-fedora-gcc | 5.1.20 | 22.00 | 450.70 | 472.70 | OK | |
| r-devel-windows-x86_64 | 5.1.20 | 11.00 | 298.00 | 309.00 | OK | |
| r-patched-linux-x86_64 | 5.1.20 | 10.06 | 274.53 | 284.59 | OK | |
| r-release-linux-x86_64 | 5.1.20 | 8.63 | 273.74 | 282.37 | OK | |
| r-release-macos-arm64 | 5.1.20 | 4.00 | 94.00 | 98.00 | OK | |
| r-release-macos-x86_64 | 5.1.20 | 7.00 | 234.00 | 241.00 | OK | |
| r-release-windows-x86_64 | 5.1.20 | 12.00 | 298.00 | 310.00 | OK | |
| r-oldrel-macos-arm64 | 5.1.20 | 3.00 | 97.00 | 100.00 | OK | |
| r-oldrel-macos-x86_64 | 5.1.20 | 8.00 | 243.00 | 251.00 | OK | |
| r-oldrel-windows-x86_64 | 5.1.20 | 15.00 | 415.00 | 430.00 | OK |
Version: 5.1.20
Check: examples
Result: ERROR
Running examples in ‘forecastHybrid-Ex.R’ failed
The error most likely occurred in:
> base::assign(".ptime", proc.time(), pos = "CheckExEnv")
> ### Name: extractForecasts
> ### Title: Extract cross validated rolling forecasts
> ### Aliases: extractForecasts
>
> ### ** Examples
>
> cv <- cvts(AirPassengers, FUN = stlm, FCFUN = forecast,
+ rolling = TRUE, windowSize = 134, horizon = 2)
Error in serverSocket(port = port) :
creation of server socket failed: port 11833 cannot be opened
Calls: cvts -> <Anonymous> -> serverSocket
Execution halted
Flavor: r-devel-linux-x86_64-debian-gcc