Last updated on 2024-05-09 10:49:49 CEST.
Flavor | Version | Tinstall | Tcheck | Ttotal | Status | Flags |
---|---|---|---|---|---|---|
r-devel-linux-x86_64-debian-clang | 0.1 | 5.01 | 51.34 | 56.35 | NOTE | |
r-devel-linux-x86_64-debian-gcc | 0.1 | 2.97 | 38.04 | 41.01 | NOTE | |
r-devel-linux-x86_64-fedora-clang | 0.1 | 72.61 | NOTE | |||
r-devel-linux-x86_64-fedora-gcc | 0.1 | 103.88 | NOTE | |||
r-devel-windows-x86_64 | 0.1 | 6.00 | 59.00 | 65.00 | NOTE | |
r-patched-linux-x86_64 | 0.1 | 5.07 | 48.72 | 53.79 | NOTE | |
r-release-linux-x86_64 | 0.1 | 5.24 | 48.58 | 53.82 | NOTE | |
r-release-macos-arm64 | 0.1 | 29.00 | NOTE | |||
r-release-windows-x86_64 | 0.1 | 6.00 | 59.00 | 65.00 | NOTE | |
r-oldrel-macos-arm64 | 0.1 | 30.00 | NOTE | |||
r-oldrel-macos-x86_64 | 0.1 | 44.00 | NOTE | |||
r-oldrel-windows-x86_64 | 0.1 | 6.00 | 61.00 | 67.00 | NOTE |
Version: 0.1
Check: LazyData
Result: NOTE
'LazyData' is specified without a 'data' directory
Flavors: r-devel-linux-x86_64-debian-clang, r-devel-linux-x86_64-debian-gcc, r-devel-linux-x86_64-fedora-clang, r-devel-linux-x86_64-fedora-gcc, r-devel-windows-x86_64, r-patched-linux-x86_64, r-release-linux-x86_64, r-release-macos-arm64, r-release-windows-x86_64, r-oldrel-macos-arm64, r-oldrel-macos-x86_64, r-oldrel-windows-x86_64