Last updated on 2025-10-31 09:50:17 CET.
| Flavor | Version | Tinstall | Tcheck | Ttotal | Status | Flags | 
|---|---|---|---|---|---|---|
| r-devel-linux-x86_64-debian-clang | 0.2.0 | 83.81 | 44.37 | 128.18 | OK | |
| r-devel-linux-x86_64-debian-gcc | 0.2.0 | 66.02 | 41.77 | 107.79 | OK | |
| r-devel-linux-x86_64-fedora-clang | 0.2.0 | 235.00 | -7.80 | 227.20 | OK | |
| r-devel-linux-x86_64-fedora-gcc | 0.2.0 | 211.00 | 44.86 | 255.86 | OK | |
| r-devel-windows-x86_64 | 0.2.0 | 88.00 | 85.00 | 173.00 | OK | |
| r-patched-linux-x86_64 | 0.2.0 | 94.32 | 51.67 | 145.99 | OK | |
| r-release-linux-x86_64 | 0.2.0 | 89.87 | 52.37 | 142.24 | OK | |
| r-release-macos-arm64 | 0.2.0 | 39.00 | 67.00 | 106.00 | OK | |
| r-release-macos-x86_64 | 0.2.0 | 49.00 | 50.00 | 99.00 | OK | |
| r-release-windows-x86_64 | 0.2.0 | 90.00 | 88.00 | 178.00 | OK | |
| r-oldrel-macos-arm64 | 0.2.0 | 33.00 | 33.00 | 66.00 | NOTE | |
| r-oldrel-macos-x86_64 | 0.2.0 | 45.00 | 45.00 | 90.00 | NOTE | |
| r-oldrel-windows-x86_64 | 0.2.0 | 109.00 | 101.00 | 210.00 | OK | 
Version: 0.2.0
Check: installed package size
Result: NOTE
    installed size is 32.1Mb
    sub-directories of 1Mb or more:
      libs  31.4Mb
Flavors: r-oldrel-macos-arm64, r-oldrel-macos-x86_64