Last updated on 2024-05-09 10:49:49 CEST.
Flavor | Version | Tinstall | Tcheck | Ttotal | Status | Flags |
---|---|---|---|---|---|---|
r-devel-linux-x86_64-debian-clang | 1.0.0 | 5.03 | 26.67 | 31.70 | OK | |
r-devel-linux-x86_64-debian-gcc | 1.0.0 | 3.57 | 20.66 | 24.23 | OK | |
r-devel-linux-x86_64-fedora-clang | 1.0.0 | 39.78 | OK | |||
r-devel-linux-x86_64-fedora-gcc | 1.0.0 | 41.25 | OK | |||
r-devel-windows-x86_64 | 1.0.0 | 9.00 | 93.00 | 102.00 | NOTE | |
r-patched-linux-x86_64 | 1.0.0 | 4.84 | 26.06 | 30.90 | OK | |
r-release-linux-x86_64 | 1.0.0 | 4.60 | 25.81 | 30.41 | OK | |
r-release-macos-arm64 | 1.0.0 | 23.00 | OK | |||
r-release-macos-x86_64 | 1.0.0 | 44.00 | OK | |||
r-release-windows-x86_64 | 1.0.0 | 11.00 | 98.00 | 109.00 | NOTE | |
r-oldrel-macos-arm64 | 1.0.0 | 42.00 | OK | |||
r-oldrel-macos-x86_64 | 1.0.0 | 47.00 | OK | |||
r-oldrel-windows-x86_64 | 1.0.0 | 13.00 | 102.00 | 115.00 | NOTE |
Version: 1.0.0
Check: installed package size
Result: NOTE
installed size is 8.6Mb
sub-directories of 1Mb or more:
libs 8.5Mb
Flavors: r-devel-windows-x86_64, r-release-windows-x86_64, r-oldrel-windows-x86_64