Last updated on 2025-10-31 09:50:16 CET.
| Flavor | Version | Tinstall | Tcheck | Ttotal | Status | Flags | 
|---|---|---|---|---|---|---|
| r-devel-linux-x86_64-debian-clang | 1.4 | 12.70 | 102.21 | 114.91 | NOTE | |
| r-devel-linux-x86_64-debian-gcc | 1.4 | 8.78 | 72.65 | 81.43 | NOTE | |
| r-devel-linux-x86_64-fedora-clang | 1.4 | 57.00 | 132.17 | 189.17 | OK | |
| r-devel-linux-x86_64-fedora-gcc | 1.4 | 26.00 | 138.29 | 164.29 | OK | |
| r-devel-windows-x86_64 | 1.4 | 13.00 | 97.00 | 110.00 | OK | |
| r-patched-linux-x86_64 | 1.4 | 10.85 | 96.01 | 106.86 | OK | |
| r-release-linux-x86_64 | 1.4 | 10.55 | 95.17 | 105.72 | OK | |
| r-release-macos-arm64 | 1.4 | 5.00 | 36.00 | 41.00 | OK | |
| r-release-macos-x86_64 | 1.4 | 12.00 | 82.00 | 94.00 | OK | |
| r-release-windows-x86_64 | 1.4 | 14.00 | 99.00 | 113.00 | OK | |
| r-oldrel-macos-arm64 | 1.4 | 4.00 | 34.00 | 38.00 | OK | |
| r-oldrel-macos-x86_64 | 1.4 | 8.00 | 59.00 | 67.00 | OK | |
| r-oldrel-windows-x86_64 | 1.4 | 18.00 | 131.00 | 149.00 | OK | 
Version: 1.4
Check: CRAN incoming feasibility
Result: NOTE
  Maintainer: ‘Xiongzhi Chen <xiongzhi.chen@wsu.edu>’
  
  No Authors@R field in DESCRIPTION.
  Please add one, modifying
    Authors@R: c(person(given = "Xiongzhi",
                        family = "Chen",
                        role = c("aut", "cre"),
                        email = "xiongzhi.chen@wsu.edu"),
                 person(given = c("Rebecca", "W."),
                        family = "Doerge",
                        role = "aut",
                        email = "rwdoerge@andrew.cmu.edu"))
  as necessary.
Flavors: r-devel-linux-x86_64-debian-clang, r-devel-linux-x86_64-debian-gcc