Last updated on 2024-05-09 10:49:48 CEST.
Flavor | Version | Tinstall | Tcheck | Ttotal | Status | Flags |
---|---|---|---|---|---|---|
r-devel-linux-x86_64-debian-clang | 0.5.2 | 77.65 | 59.26 | 136.91 | NOTE | |
r-devel-linux-x86_64-debian-gcc | 0.5.2 | 59.41 | 42.61 | 102.02 | NOTE | |
r-devel-linux-x86_64-fedora-clang | 0.5.2 | 181.29 | NOTE | |||
r-devel-linux-x86_64-fedora-gcc | 0.5.2 | 173.78 | NOTE | |||
r-devel-windows-x86_64 | 0.5.2 | 50.00 | 61.00 | 111.00 | NOTE | |
r-patched-linux-x86_64 | 0.5.2 | 69.92 | 54.39 | 124.31 | NOTE | |
r-release-linux-x86_64 | 0.5.2 | 69.69 | 55.05 | 124.74 | NOTE | |
r-release-macos-arm64 | 0.5.2 | 51.00 | NOTE | |||
r-release-windows-x86_64 | 0.5.2 | 47.00 | 60.00 | 107.00 | NOTE | |
r-oldrel-macos-arm64 | 0.5.2 | 48.00 | OK | |||
r-oldrel-macos-x86_64 | 0.5.2 | 143.00 | OK | |||
r-oldrel-windows-x86_64 | 0.5.2 | 48.00 | 67.00 | 115.00 | OK |
Version: 0.5.2
Check: Rd files
Result: NOTE
checkRd: (-1) Error-Classes.Rd:107-119: Lost braces
107 | \item \code{do_verbose(response, template)} {
| ^
checkRd: (-1) Error.Rd:33-45: Lost braces
33 | \item \code{do(response, mssg)} {
| ^
Flavors: r-devel-linux-x86_64-debian-clang, r-devel-linux-x86_64-debian-gcc, r-devel-linux-x86_64-fedora-clang, r-devel-linux-x86_64-fedora-gcc, r-devel-windows-x86_64, r-patched-linux-x86_64, r-release-linux-x86_64, r-release-macos-arm64, r-release-windows-x86_64