CRAN Package Check Results for Package fasttime

Last updated on 2025-11-20 11:51:11 CET.

Flavor Version Tinstall Tcheck Ttotal Status Flags
r-devel-linux-x86_64-debian-clang 1.1-0 2.11 18.23 20.34 NOTE
r-devel-linux-x86_64-debian-gcc 1.1-0 1.80 15.05 16.85 NOTE
r-devel-linux-x86_64-fedora-clang 1.1-0 29.31 OK
r-devel-linux-x86_64-fedora-gcc 1.1-0 28.87 OK
r-devel-windows-x86_64 1.1-0 5.00 40.00 45.00 OK
r-patched-linux-x86_64 1.1-0 1.81 16.97 18.78 OK
r-release-linux-x86_64 1.1-0 2.01 17.06 19.07 OK
r-release-macos-arm64 1.1-0 OK
r-release-macos-x86_64 1.1-0 4.00 19.00 23.00 OK
r-release-windows-x86_64 1.1-0 5.00 35.00 40.00 OK
r-oldrel-macos-arm64 1.1-0 OK
r-oldrel-macos-x86_64 1.1-0 3.00 17.00 20.00 OK
r-oldrel-windows-x86_64 1.1-0 4.00 35.00 39.00 OK

Check Details

Version: 1.1-0
Check: CRAN incoming feasibility
Result: NOTE Maintainer: ‘Simon Urbanek <simon.urbanek@r-project.org>’ No Authors@R field in DESCRIPTION. Please add one, modifying Authors@R: person(given = "Simon", family = "Urbanek", role = c("aut", "cre"), email = "simon.urbanek@r-project.org") as necessary. Flavors: r-devel-linux-x86_64-debian-clang, r-devel-linux-x86_64-debian-gcc