Last updated on 2025-10-24 09:50:02 CEST.
| Flavor | Version | Tinstall | Tcheck | Ttotal | Status | Flags |
|---|---|---|---|---|---|---|
| r-devel-linux-x86_64-debian-clang | 0.1.1 | 49.49 | 26.99 | 76.48 | OK | |
| r-devel-linux-x86_64-debian-gcc | 0.1.1 | 23.76 | 21.84 | 45.60 | OK | |
| r-devel-linux-x86_64-fedora-clang | 0.1.1 | 145.00 | 3.77 | 148.77 | OK | |
| r-devel-linux-x86_64-fedora-gcc | 0.1.1 | 78.00 | 37.06 | 115.06 | OK | |
| r-devel-windows-x86_64 | 0.1.1 | 29.00 | 63.00 | 92.00 | NOTE | |
| r-patched-linux-x86_64 | 0.1.1 | 41.35 | 24.21 | 65.56 | OK | |
| r-release-linux-x86_64 | 0.1.1 | 44.53 | 24.88 | 69.41 | OK | |
| r-release-macos-arm64 | 0.1.1 | 17.00 | 19.00 | 36.00 | OK | |
| r-release-macos-x86_64 | 0.1.1 | 20.00 | 32.00 | 52.00 | OK | |
| r-release-windows-x86_64 | 0.1.1 | 31.00 | 62.00 | 93.00 | NOTE | |
| r-oldrel-macos-arm64 | 0.1.1 | 17.00 | 17.00 | 34.00 | NOTE | |
| r-oldrel-macos-x86_64 | 0.1.1 | 19.00 | 30.00 | 49.00 | NOTE | |
| r-oldrel-windows-x86_64 | 0.1.1 | 36.00 | 75.00 | 111.00 | NOTE |
Version: 0.1.1
Check: C++ specification
Result: NOTE
Specified C++11: please drop specification unless essential
Flavors: r-devel-windows-x86_64, r-release-windows-x86_64, r-oldrel-windows-x86_64
Version: 0.1.1
Check: LazyData
Result: NOTE
'LazyData' is specified without a 'data' directory
Flavors: r-oldrel-macos-arm64, r-oldrel-macos-x86_64, r-oldrel-windows-x86_64