Last updated on 2024-05-09 10:49:48 CEST.
Flavor | Version | Tinstall | Tcheck | Ttotal | Status | Flags |
---|---|---|---|---|---|---|
r-devel-linux-x86_64-debian-clang | 0.1-103 | 86.05 | 260.56 | 346.61 | NOTE | |
r-devel-linux-x86_64-debian-gcc | 0.1-103 | 70.18 | 188.35 | 258.53 | NOTE | |
r-devel-linux-x86_64-fedora-clang | 0.1-103 | 478.47 | NOTE | |||
r-devel-linux-x86_64-fedora-gcc | 0.1-103 | 540.71 | NOTE | |||
r-devel-windows-x86_64 | 0.1-103 | 79.00 | 193.00 | 272.00 | NOTE | |
r-patched-linux-x86_64 | 0.1-103 | 94.51 | 244.25 | 338.76 | NOTE | |
r-release-linux-x86_64 | 0.1-103 | 95.43 | 244.52 | 339.95 | NOTE | |
r-release-macos-arm64 | 0.1-103 | 118.00 | NOTE | |||
r-release-macos-x86_64 | 0.1-103 | 335.00 | NOTE | |||
r-release-windows-x86_64 | 0.1-103 | 83.00 | 199.00 | 282.00 | NOTE | |
r-oldrel-macos-arm64 | 0.1-103 | 126.00 | NOTE | |||
r-oldrel-macos-x86_64 | 0.1-103 | 309.00 | NOTE | |||
r-oldrel-windows-x86_64 | 0.1-103 | 101.00 | 267.00 | 368.00 | NOTE |
Version: 0.1-103
Check: for GNU extensions in Makefiles
Result: NOTE
GNU make is a SystemRequirements.
Flavors: r-devel-linux-x86_64-debian-clang, r-devel-linux-x86_64-debian-gcc, r-devel-linux-x86_64-fedora-clang, r-devel-linux-x86_64-fedora-gcc, r-devel-windows-x86_64, r-patched-linux-x86_64, r-release-linux-x86_64, r-release-macos-arm64, r-release-macos-x86_64, r-release-windows-x86_64, r-oldrel-macos-arm64, r-oldrel-macos-x86_64, r-oldrel-windows-x86_64
Version: 0.1-103
Check: installed package size
Result: NOTE
installed size is 5.7Mb
sub-directories of 1Mb or more:
data 3.5Mb
doc 1.1Mb
libs 1.0Mb
Flavors: r-devel-windows-x86_64, r-release-macos-arm64, r-release-macos-x86_64, r-release-windows-x86_64, r-oldrel-macos-arm64, r-oldrel-macos-x86_64, r-oldrel-windows-x86_64