CRAN Package Check Results for Package eyelinker

Last updated on 2025-10-02 10:49:18 CEST.

Flavor Version Tinstall Tcheck Ttotal Status Flags
r-devel-linux-x86_64-debian-clang 0.2.1 5.56 71.67 77.23 NOTE
r-devel-linux-x86_64-debian-gcc 0.2.1 3.78 55.83 59.61 NOTE
r-devel-linux-x86_64-fedora-clang 0.2.1 118.87 OK
r-devel-linux-x86_64-fedora-gcc 0.2.1 122.96 OK
r-devel-windows-x86_64 0.2.1 8.00 82.00 90.00 OK
r-patched-linux-x86_64 0.2.1 5.78 66.52 72.30 OK
r-release-linux-x86_64 0.2.1 5.79 66.63 72.42 OK
r-release-macos-arm64 0.2.1 39.00 OK
r-release-macos-x86_64 0.2.1 80.00 OK
r-release-windows-x86_64 0.2.1 9.00 80.00 89.00 OK
r-oldrel-macos-arm64 0.2.1 41.00 OK
r-oldrel-macos-x86_64 0.2.1 65.00 OK
r-oldrel-windows-x86_64 0.2.1 12.00 102.00 114.00 OK

Check Details

Version: 0.2.1
Check: CRAN incoming feasibility
Result: NOTE Maintainer: ‘Austin Hurst <ajhurst@uwaterloo.ca>’ No Authors@R field in DESCRIPTION. Please add one, modifying Authors@R: c(person(given = "Simon", family = "Barthelme", role = "aut", email = "simon.barthelme@gipsa-lab.fr"), person(given = "Austin", family = "Hurst", role = "cre", email = "ajhurst@uwaterloo.ca")) as necessary. Flavors: r-devel-linux-x86_64-debian-clang, r-devel-linux-x86_64-debian-gcc