CRAN Package Check Results for Package extremeIndex

Last updated on 2025-10-23 10:48:40 CEST.

Flavor Version Tinstall Tcheck Ttotal Status Flags
r-devel-linux-x86_64-debian-clang 0.0.3 3.09 25.99 29.08 NOTE
r-devel-linux-x86_64-debian-gcc 0.0.3 2.28 20.73 23.01 NOTE
r-devel-linux-x86_64-fedora-clang 0.0.3 45.15 OK
r-devel-linux-x86_64-fedora-gcc 0.0.3 40.89 OK
r-devel-windows-x86_64 0.0.3 7.00 47.00 54.00 OK
r-patched-linux-x86_64 0.0.3 3.04 24.75 27.79 OK
r-release-linux-x86_64 0.0.3 2.92 24.98 27.90 OK
r-release-macos-arm64 0.0.3 2.00 16.00 18.00 OK
r-release-macos-x86_64 0.0.3 3.00 26.00 29.00 OK
r-release-windows-x86_64 0.0.3 7.00 48.00 55.00 OK
r-oldrel-macos-arm64 0.0.3 2.00 16.00 18.00 OK
r-oldrel-macos-x86_64 0.0.3 3.00 22.00 25.00 OK
r-oldrel-windows-x86_64 0.0.3 9.00 55.00 64.00 OK

Check Details

Version: 0.0.3
Check: CRAN incoming feasibility
Result: NOTE Maintainer: ‘Maxime Taillardat <maxime.taillardat@meteo.fr>’ The Description field contains index in Taillardat et al. (2019) <arXiv:1905.04022>. Please refer to arXiv e-prints via their arXiv DOI <doi:10.48550/arXiv.YYMM.NNNNN>. Flavors: r-devel-linux-x86_64-debian-clang, r-devel-linux-x86_64-debian-gcc