Last updated on 2024-05-09 10:49:48 CEST.
Flavor | Version | Tinstall | Tcheck | Ttotal | Status | Flags |
---|---|---|---|---|---|---|
r-devel-linux-x86_64-debian-clang | 2.2.16 | 19.73 | 139.49 | 159.22 | NOTE | |
r-devel-linux-x86_64-debian-gcc | 2.2.16 | 15.62 | 101.35 | 116.97 | NOTE | |
r-devel-linux-x86_64-fedora-clang | 2.2.16 | 206.47 | NOTE | |||
r-devel-linux-x86_64-fedora-gcc | 2.2.16 | 262.44 | NOTE | |||
r-devel-windows-x86_64 | 2.2.16 | 18.00 | 128.00 | 146.00 | OK | |
r-patched-linux-x86_64 | 2.2.16 | 14.30 | 131.43 | 145.73 | NOTE | |
r-release-linux-x86_64 | 2.2.16 | 13.77 | 130.52 | 144.29 | NOTE | |
r-release-macos-arm64 | 2.2.16 | 94.00 | NOTE | |||
r-release-windows-x86_64 | 2.2.16 | 18.00 | 128.00 | 146.00 | OK | |
r-oldrel-macos-arm64 | 2.2.16 | 97.00 | NOTE | |||
r-oldrel-macos-x86_64 | 2.2.16 | 176.00 | NOTE | |||
r-oldrel-windows-x86_64 | 2.2.16 | 24.00 | 150.00 | 174.00 | OK |
Version: 2.2.16
Check: package dependencies
Result: NOTE
Package suggested but not available for checking: ‘taskscheduleR’
Flavors: r-devel-linux-x86_64-debian-clang, r-devel-linux-x86_64-debian-gcc, r-devel-linux-x86_64-fedora-gcc, r-patched-linux-x86_64, r-release-linux-x86_64, r-release-macos-arm64, r-oldrel-macos-arm64, r-oldrel-macos-x86_64
Version: 2.2.16
Check: package dependencies
Result: NOTE
Package suggested but not available for checking: ‘taskscheduleR’
Imports includes 34 non-default packages.
Importing from so many packages makes the package vulnerable to any of
them becoming unavailable. Move as many as possible to Suggests and
use conditionally.
Flavor: r-devel-linux-x86_64-fedora-clang
Version: 2.2.16
Check: dependencies in R code
Result: NOTE
Namespaces in Imports field not imported from:
‘httpuv’ ‘knitr’ ‘plyr’ ‘tidyverse’ ‘xml2’
All declared Imports should be used.
Flavors: r-devel-linux-x86_64-fedora-clang, r-devel-linux-x86_64-fedora-gcc