Last updated on 2024-05-09 10:49:47 CEST.
Flavor | Version | Tinstall | Tcheck | Ttotal | Status | Flags |
---|---|---|---|---|---|---|
r-devel-linux-x86_64-debian-clang | 1.0.2 | 3.51 | 50.05 | 53.56 | OK | |
r-devel-linux-x86_64-debian-gcc | 1.0.2 | 3.99 | 37.02 | 41.01 | OK | |
r-devel-linux-x86_64-fedora-clang | 1.0.2 | 69.31 | NOTE | |||
r-devel-linux-x86_64-fedora-gcc | 1.0.2 | 129.80 | NOTE | |||
r-devel-windows-x86_64 | 1.0.2 | 8.00 | 59.00 | 67.00 | OK | |
r-patched-linux-x86_64 | 1.0.2 | 7.70 | 46.23 | 53.93 | OK | |
r-release-linux-x86_64 | 1.0.2 | 4.69 | 46.99 | 51.68 | OK | |
r-release-macos-arm64 | 1.0.2 | 31.00 | OK | |||
r-release-windows-x86_64 | 1.0.2 | 6.00 | 60.00 | 66.00 | OK | |
r-oldrel-macos-arm64 | 1.0.2 | 31.00 | OK | |||
r-oldrel-macos-x86_64 | 1.0.2 | 44.00 | OK | |||
r-oldrel-windows-x86_64 | 1.0.2 | 7.00 | 62.00 | 69.00 | OK |
Version: 1.0.2
Check: dependencies in R code
Result: NOTE
Namespace in Imports field not imported from: ‘rmarkdown’
All declared Imports should be used.
Flavors: r-devel-linux-x86_64-fedora-clang, r-devel-linux-x86_64-fedora-gcc